{"id":259,"date":"2018-06-11T07:33:28","date_gmt":"2018-06-11T07:33:28","guid":{"rendered":"http:\/\/www.ket4f-gas.eu\/?page_id=259"},"modified":"2018-06-11T11:09:18","modified_gmt":"2018-06-11T11:09:18","slug":"ket4f-gas_pt","status":"publish","type":"page","link":"http:\/\/www.ket4f-gas.eu\/?page_id=259&lang=pt","title":{"rendered":"KET4F-Gas_pt"},"content":{"rendered":"<p>[et_pb_section bb_built=&#8221;1&#8243; _builder_version=&#8221;3.6&#8243; custom_margin=&#8221;-100px|||&#8221;][et_pb_row _builder_version=&#8221;3.3.1&#8243; background_position=&#8221;top_left&#8221; background_repeat=&#8221;repeat&#8221; background_size=&#8221;initial&#8221;][et_pb_column type=&#8221;4_4&#8243;][et_pb_image _builder_version=&#8221;3.6&#8243; src=&#8221;http:\/\/www.ket4f-gas.eu\/wp-content\/uploads\/2018\/06\/banner2-1.jpg&#8221; align=&#8221;center&#8221; \/][et_pb_text _builder_version=&#8221;3.6&#8243; background_position=&#8221;top_left&#8221; background_repeat=&#8221;repeat&#8221; background_size=&#8221;initial&#8221;]<\/p>\n<h1 style=\"text-align: left;\"><strong>KET4F-Gas<\/strong><\/h1>\n<p>&nbsp;<\/p>\n<h2 style=\"text-align: left;\"><strong>Reduction of the Environmental Impact of Fluorinated Gases in the Sudoe space through Key Enabling Technologies<\/strong><\/h2>\n<p>&nbsp;<\/p>\n<p style=\"text-align: justify;\">KET4F-Gas is a European project co-funded by the Interreg Sudoe Programme through the European Regional Development Fund (ERDF), with a funding of 1.7 million euros.<\/p>\n<p style=\"text-align: justify;\"><strong>Project code:\u00a0SOE2\/P1\/P0823<\/strong><\/p>\n<h2>Project summary<\/h2>\n<p style=\"text-align: justify;\">In the current context of persistent drought in the Southwestern regions of Europe (SUDOE area), which are experiencing more and more difficult fire events related to prolonged periods of drought and high winds, research on alternatives that contribute to the reduction of greenhouse gas emissions is of the highest priority.<\/p>\n<p style=\"text-align: justify;\">KET4F-Gas is a European project co-funded by the <a href=\"https:\/\/www.interreg-sudoe.eu\/gbr\/home\" target=\"_blank\" rel=\"noopener\">Interreg Sudoe Programme<\/a> which aims at reducing the environmental impact of fluorinated gases (F-gases) through the development and implementation of Key Enabling Technologies (KETs).<\/p>\n<p style=\"text-align: justify;\">The use of fluorinated gases has drastically increased in recent years, especially in the refrigeration sector, as they are a good substitute for ozone-depleting substances that phased out under the Montreal\u2019s Protocol.<\/p>\n<p style=\"text-align: justify;\">Despite being energetically efficient, ozone-friendly and safe for users, with low levels of flammability and toxicity, F-gases are powerful greenhouse gases, with a global warming effect up to 23\u00a0000 times greater than carbon dioxide, and their emissions to the atmosphere must be reduced according to the Kyoto\u2019s protocol and the new EU regulation.<\/p>\n<h3 style=\"text-align: justify;\">Objective<\/h3>\n<p style=\"text-align: justify;\">The objective of this project is to develop and implement Key Enabling Technologies, following the more benign and efficient green chemistry principles, as well as alternative and climate-friendly solvents to recover F-gases employed in refrigeration and air-conditioning equipment\u2019s and reduce their emissions.<\/p>\n<p style=\"text-align: justify;\">By doing so, this project promotes the growth of applied research and eco-innovation to protect the environment through the application of KETs, allowing the technological transfer to improve the competitiveness of SME\u2019s in the regions of Southwest Europe.<\/p>\n<p style=\"text-align: justify;\">The results of this research will also benefit all citizens by increasing awareness to the F-gases problem, as well as waste managers, public administrations and industry, since in the regions of Southwest Europe there is no technology applied in this area and enterprises have a clear and imminent need to comply with current legislation.<\/p>\n<h3 style=\"text-align: justify;\">Interreg Sudoe<\/h3>\n<p style=\"text-align: justify;\">The <a href=\"https:\/\/www.interreg-sudoe.eu\/gbr\/home\" target=\"_blank\" rel=\"noopener\">Interreg Sudoe Programme<\/a> supports regional development in the regions of Southwest Europe by funding transnational projects through the <a href=\"https:\/\/ec.europa.eu\/sfc\/en\/2014\/fund\/erdf\" target=\"_blank\" rel=\"noopener\">European Regional Development Fund (ERDF)<\/a><\/p>\n<p style=\"text-align: justify;\">The programme promotes transnational cooperation to solve common problems within the regions of Southwest Europe, such as low investment in research and development, low competitiveness of SME\u2019s, and exposure to climate change and environmental risks.<\/p>\n<p style=\"text-align: justify;\">The KET4F-Gas is a project included within the <a href=\"https:\/\/www.interreg-sudoe.eu\/gbr\/programme\/priority-axis-1\" target=\"_blank\" rel=\"noopener\">priority axis 1, Research and innovation<\/a>, which aims at (1) strengthening the synergic and networking cooperation of R&amp;D+i at a transnational level in the specific Sudoe sectors as from smart specialisation and (2) developing dissemination of applied research related to key enabling technologies (KETs).<\/p>\n<p style=\"text-align: justify;\">Presupuesto del proyecto: 1,742,800\u20ac with a funding through the ERDF of 1,307,100\u20ac (cofinanciaci\u00f3n\u00a0 FEDER de\u00a01.307.100\u20ac)<br \/>\n&#8211; Duraci\u00f3n:\u00a036 months, de\u00a0\u00a01st APRIL 2018\u00a0&#8211; 31st\u00a0MARCH 2020<\/p>\n<p>[\/et_pb_text][et_pb_text _builder_version=&#8221;3.6&#8243;]<\/p>\n<h3 style=\"text-align: left;\">Parceiros<\/h3>\n<p>[\/et_pb_text][et_pb_map _builder_version=&#8221;3.6&#8243; address=&#8221;Madrid, Espa\u00f1a&#8221; zoom_level=&#8221;4&#8243; address_lat=&#8221;37.32025030534359&#8243; address_lng=&#8221;24.37642910262548&#8243;][et_pb_map_pin _builder_version=&#8221;3.6&#8243; zoom_level=&#8221;18&#8243; pin_address_lat=&#8221;38.6615119&#8243; pin_address_lng=&#8221;-9.20666099999994&#8243; title=&#8221;Universidade Nova de Lisboa&#8221; pin_address=&#8221;Quinta da Torre, Campus Universit\u00e1rio, 2829-516 Caparica, Portugal&#8221;]<\/p>\n<p align=\"justify\"><span style=\"font-family: Arial, serif;\"><span style=\"font-size: small;\">Faculdade de Ci\u00eancias e Tecnologia 2829-516 Caparica<br \/>\nPortugal<br \/>\n(+351) 212948318<br \/>\nAna Bel\u00e9n Pereiro Est\u00e9vez <a href=\"mailto:anab@fct.unl.pt\">anab@fct.unl.pt<\/a><br \/>\n<\/span><\/span><\/p>\n<p>[\/et_pb_map_pin][et_pb_map_pin _builder_version=&#8221;3.6&#8243; zoom_level=&#8221;18&#8243; pin_address_lat=&#8221;42.873454&#8243; pin_address_lng=&#8221;-8.558817999999974&#8243; title=&#8221;Fundaci\u00f3n Empresa-Universidad Gallega&#8221; pin_address=&#8221;Campus Vida, R\u00faa Lope G\u00f3mez de Marzoa, s\/n, 15705 Santiago de Compostela, A Coru\u00f1a, Espa\u00f1a&#8221;]<\/p>\n<p>R\u00faa Lope G\u00f3mez de Marzoa s\/n Campus Vida,<br \/>\n15705 Santiago de Compostela (A Coru\u00f1a)<br \/>\nEspa\u00f1a<br \/>\n(+34) 981534180<br \/>\nRebeca Di\u00e9guez Gonz\u00e1lez <a href=\"mailto:rdieguez@feuga.es\">rdieguez@feuga.es<\/a><\/p>\n<p>[\/et_pb_map_pin][et_pb_map_pin _builder_version=&#8221;3.6&#8243; zoom_level=&#8221;18&#8243; pin_address_lat=&#8221;41.40315289999999&#8243; pin_address_lng=&#8221;2.1198773999999503&#8243; title=&#8221;Institut Qu\u00edmic de Sarri\u00e0 CETS Fundaci\u00f3 Privada&#8221; pin_address=&#8221;Via Augusta, 390, 08017 Barcelona, Espa\u00f1a&#8221;]<\/p>\n<p>Via Augusta 390, 08017 Barcelona<br \/>\nEspa\u00f1a<br \/>\n(+34) 932672000<br \/>\nF\u00e8lix Llovell <a href=\"mailto:felix.llovell@iqs.edu\">felix.llovell@iqs.edu<\/a><\/p>\n<p>[\/et_pb_map_pin][et_pb_map_pin _builder_version=&#8221;3.6&#8243; zoom_level=&#8221;18&#8243; pin_address_lat=&#8221;43.3150753&#8243; pin_address_lng=&#8221;-0.36564099999998234&#8243; title=&#8221;Universit\u00e9 de Pau et des Pays de l&#8217;Adour&#8221; pin_address=&#8221;Avenue de l&#8217;Universit\u00e9, 64012 Pau, Francia&#8221;]<\/p>\n<p>Universit\u00e9 de Pau et des Pays de l&#8217;Adour<br \/>\nAvenue de l&#8217;Universit\u00e9<br \/>\nBP 576<br \/>\n64012 PAU cedex<br \/>\nFrancia<br \/>\n(+33) 5 59 40 70 00<br \/>\nFr\u00e9d\u00e9ric Plantier <a href=\"mailto:frederic.plantier@univ-pau.fr\">frederic.plantier@univ-pau.fr<\/a><\/p>\n<p>[\/et_pb_map_pin][et_pb_map_pin _builder_version=&#8221;3.6&#8243; zoom_level=&#8221;18&#8243; pin_address_lat=&#8221;43.4704858&#8243; pin_address_lng=&#8221;-3.8030039000000215&#8243; title=&#8221;Universidad de Cantabria&#8221; pin_address=&#8221;Av. de los Castros, Santander, Cantabria, Espa\u00f1a&#8221;]<\/p>\n<p>Avda. de los Castros, s\/n<br \/>\n39005 Santander<br \/>\nEspa\u00f1a<br \/>\n(+34) 942202223<br \/>\nGabriel Zarca <a href=\"mailto:zarcag@unican.es\">zarcag@unican.es<\/a><\/p>\n<p>[\/et_pb_map_pin][et_pb_map_pin _builder_version=&#8221;3.6&#8243; zoom_level=&#8221;18&#8243; pin_address_lat=&#8221;43.3959974&#8243; pin_address_lng=&#8221;-3.8408549000000676&#8243; title=&#8221;APRIA Systems SL&#8221; pin_address=&#8221;Parque Empresarial de Morero, 39611 Astillero, Cantabria, Espa\u00f1a&#8221;]<\/p>\n<p>Parque Empresarial de Morero<br \/>\nParcela P.2-12, Nave 1 &#8211; Puerta 5<br \/>\n39611 Guarnizo, Cantabria<br \/>\nEspa\u00f1a<br \/>\n(+34) 942078147<br \/>\nEsther Santos <a href=\"mailto:esther.santos@apriasystems.es\">esther.santos@apriasystems.es<\/a><\/p>\n<p>[\/et_pb_map_pin][et_pb_map_pin _builder_version=&#8221;3.6&#8243; zoom_level=&#8221;18&#8243; pin_address_lat=&#8221;38.88640949715171&#8243; pin_address_lng=&#8221;-7.003889738870271&#8243; title=&#8221;FUNDECYT-PCTEX&#8221; pin_address=&#8221;Av. de la Investigaci\u00f3n, 06006 Badajoz, Espa\u00f1a&#8221;]<\/p>\n<p>Av. de la Investigaci\u00f3n s\/n<br \/>\n06006 Badajoz<br \/>\nEspa\u00f1a<br \/>\n(+34) 924014600<br \/>\nCarmen S\u00e1nchez Ruano <a href=\"mailto:carmen.sanchez@fundecyt-pctex.es\">carmen.sanchez@fundecyt-pctex.es<\/a><\/p>\n<p>[\/et_pb_map_pin][et_pb_map_pin _builder_version=&#8221;3.6&#8243; zoom_level=&#8221;18&#8243; pin_address_lat=&#8221;39.4885175&#8243; pin_address_lng=&#8221;-6.420187199999987&#8243; title=&#8221;Interlun&#8221; pin_address=&#8221;Pol. Ind. las Capellan\u00edas, Calle Molineros, 217, 10005 C\u00e1ceres, Espa\u00f1a&#8221;]<\/p>\n<p>C\/ Molineros, 106<br \/>\nPol\u00edg. Ind. Las Capellan\u00edas<br \/>\n10005 &#8211; C\u00e1ceres<br \/>\nEspa\u00f1a<br \/>\n(+34) 927 230 704<br \/>\nMiguel Canal <a href=\"mailto:miguel@interlun.es\">miguel@interlun.es<\/a><\/p>\n<p>[\/et_pb_map_pin][et_pb_map_pin _builder_version=&#8221;3.6&#8243; zoom_level=&#8221;18&#8243; pin_address_lat=&#8221;42.1694839&#8243; pin_address_lng=&#8221;-8.683478499999978&#8243; title=&#8221;Universidade de Vigo&#8221; pin_address=&#8221;Campus Universitario, s\/n, 36310 Vigo, Pontevedra, Espa\u00f1a&#8221;]<\/p>\n<p><span class=\"LrzXr\">Campus Universitario, s\/n,<br \/>\n36310 Vigo, Pontevedra<br \/>\n<\/span>Espa\u00f1a<br \/>\nManuel Mart\u00ednez <a href=\"mailto:manumar@uvigo.es\">manumar@uvigo.es<\/a><\/p>\n<p>[\/et_pb_map_pin][et_pb_map_pin _builder_version=&#8221;3.6&#8243; zoom_level=&#8221;18&#8243; pin_address_lat=&#8221;44.7884062&#8243; pin_address_lng=&#8221;-0.5936550000000125&#8243; title=&#8221;TALENCE INNOVATION AGCE DEV ECON&#8221; pin_address=&#8221;27 All\u00e9e des Petits Rois, 33400 Talence, Francia&#8221;]<\/p>\n<p>TALENCE INNOVATION AGCE DEV ECON<\/p>\n<p>27 All\u00e9e des Petits Rois,<br \/>\n33400 Talence<br \/>\nFrancia<br \/>\n(+33) 5 56 04 01 90<br \/>\nBertrand COUSIN <a href=\"mailto:info@talence-innovation.com\">info@talence-innovation.com<\/a><\/p>\n<p>[\/et_pb_map_pin][et_pb_map_pin _builder_version=&#8221;3.6&#8243; zoom_level=&#8221;18&#8243; pin_address_lat=&#8221;45.77059&#8243; pin_address_lng=&#8221;3.0879400000000032&#8243; title=&#8221;F\u00e9d\u00e9ration des Recherches en Environnement&#8221; pin_address=&#8221;49 Boulevard Fran\u00e7ois Mitterrand, 63000 Clermont-Ferrand, Francia&#8221;]<\/p>\n<p>49 bd Fran\u00e7ois Mitterrand,<br \/>\nCS 60032<br \/>\n63001 Clermont-Ferrand<br \/>\nFrancia<br \/>\n(+33) 4 73 17 79 79<br \/>\nAgilio Padua <a href=\"mailto:agilio.padua@uca.fr\">agilio.padua@uca.fr<\/a><\/p>\n<p>[\/et_pb_map_pin][et_pb_map_pin _builder_version=&#8221;3.6&#8243; zoom_level=&#8221;18&#8243; pin_address_lat=&#8221;24.3582277&#8243; pin_address_lng=&#8221;54.659223699999984&#8243; title=&#8221;PI \u2013 The Petroleum Institute &#8211; Khalifa University of Science and Technology&#8221; pin_address=&#8221;Abu Dabi &#8211; Emiratos \u00c1rabes Unidos&#8221;]<\/p>\n<p>P.O. Box: 127788<br \/>\nAbu Dhabi<br \/>\nEmiratos \u00c1rabes Unidos<br \/>\n+9712-401 8000<br \/>\nLourdes F. Vega <a href=\"mailto:lourdes.vega@ku.ac.ae\">lourdes.vega@ku.ac.ae<\/a><\/p>\n<p>[\/et_pb_map_pin][et_pb_map_pin _builder_version=&#8221;3.6&#8243; zoom_level=&#8221;18&#8243; pin_address_lat=&#8221;43.34270799999999&#8243; pin_address_lng=&#8221;-4.073532099999966&#8243; title=&#8221;MARE&#8221; pin_address=&#8221;Barrio la Barquera, 13, 39311 La Barquera, Cantabria, Espa\u00f1a&#8221;]<\/p>\n<p>C\/ Ctra. Torres \u2013 Reoc\u00edn<br \/>\nB\u00ba La Barquera, n\u00ba 13<br \/>\n39311 CARTES (Cantabria)<br \/>\nEspa\u00f1a<br \/>\n(+34) 942318202<br \/>\nBeatriz Gonz\u00e1lez <a href=\"mailto:bgonzalez@mare.es\">bgonzalez@mare.es<\/a><\/p>\n<p>[\/et_pb_map_pin][et_pb_map_pin _builder_version=&#8221;3.6&#8243; zoom_level=&#8221;18&#8243; pin_address_lat=&#8221;40.5064183&#8243; pin_address_lng=&#8221;-3.671395299999972&#8243; title=&#8221;FCC&#8221; pin_address=&#8221;Av. del Camino de Santiago, 40, 28050 Madrid, Espa\u00f1a&#8221;]<\/p>\n<p>Avda. Camino de Santiago, n\u00ba 40<br \/>\n8050 Madrid<br \/>\nEspa\u00f1a<br \/>\n(+34) 917573924<br \/>\nEnrique Gonz\u00e1lez <a href=\"mailto:egonzalezg@fcc.es\">egonzalezg@fcc.es<\/a><\/p>\n<p>[\/et_pb_map_pin][et_pb_map_pin _builder_version=&#8221;3.6&#8243; zoom_level=&#8221;18&#8243; pin_address_lat=&#8221;38.7553105&#8243; pin_address_lng=&#8221;-9.393475099999932&#8243; title=&#8221;ERP Portugal&#8221; pin_address=&#8221;R. Dom Dinis Bordalo Pinheiro 467, 2645 Cascais, Portugal&#8221;]<\/p>\n<p>Rua Dinis Bordalo Pinheiro, 467 B<br \/>\n2645-539 Alcabideche<br \/>\nPortugal<br \/>\n(+351) 21 911 96 30<br \/>\nRosa Monforte <a href=\"mailto:rosa.monforte@erp-recycling.org\">rosa.monforte@erp-recycling.org<\/a><\/p>\n<p>[\/et_pb_map_pin][et_pb_map_pin _builder_version=&#8221;3.6&#8243; zoom_level=&#8221;18&#8243; pin_address_lat=&#8221;38.7395151&#8243; pin_address_lng=&#8221;-9.151623400000062&#8243; title=&#8221;ZERO&#8221; pin_address=&#8221;Av. de Berna 31 2, 1050-099 Lisboa, Portugal&#8221;]<\/p>\n<p>Av. de Berna, 31 2\u00ba dto. (sala 2)<br \/>\n1050-038 Lisboa<br \/>\nPortugal<br \/>\nFilipa Alves <a href=\"mailto:filipa.alves@zero.ong\">filipa.alves@zero.ong<\/a><\/p>\n<p>[\/et_pb_map_pin][\/et_pb_map][et_pb_text _builder_version=&#8221;3.6&#8243; module_id=&#8221;news&#8221;]<\/p>\n<h3>News<\/h3>\n<div class='et-box et-shadow'>\n\t\t\t\t\t<div class='et-box-content'><div class=\"wppsac-wrap wppsac-slick-slider-wrp wppsac-clearfix \" data-conf=\"{&quot;dots&quot;:&quot;false&quot;,&quot;arrows&quot;:&quot;true&quot;,&quot;autoplay&quot;:&quot;true&quot;,&quot;autoplay_interval&quot;:&quot;100&quot;,&quot;speed&quot;:&quot;2000&quot;,&quot;rtl&quot;:&quot;false&quot;,&quot;lazyload&quot;:&quot;&quot;}\">\r\n\t\t\t<div id=\"wppsac-post-slider-1\" class=\"wppsac-post-slider-init wppsac-post-slider design-4\">\r\n\t\t\t\t<div class=\"wppsac-post-slides\">\r\n\t<div class=\"wppsac-post-list\">\r\n\t\t<div class=\"wppsac-post-list-content\">\r\n\t\t\t\r\n\t\t\t<div class=\" wp-medium-12  wpcolumns\">\r\n\t\t\t\t\r\n\t\t\t\t<h2 class=\"wppsac-post-title\">\r\n\t\t\t\t\t<a href=\"http:\/\/www.ket4f-gas.eu\/?p=2658&#038;lang=fr\">TECNOLOG\u00cdA QUE PERMITE RECICLAR LOS GASES DE REFRIGERACI\u00d3N<\/a>\r\n\t\t\t\t<\/h2>\r\n\r\n\t\t\t\t\t\t\t\t<div class=\"wppsac-post-date\">\r\n\t\t\t\t\t11 October, 2021\t\t\t\t<\/div>\r\n\t\t\t\t\t\t\t\t<div class=\"wppsac-post-content\">\r\n\t\t\t\t\t<div class=\"wppsac-sub-content\">El grupo de I+D KET4F-Gas, formado por 13 entidades socias y 6 asociadas de la Universidad, la empresa y las...<\/div>\r\n\r\n\t\t\t\t\t\t\t\t\t\t<a class=\"wppsac-readmorebtn\" href=\"http:\/\/www.ket4f-gas.eu\/?p=2658&#038;lang=fr\">Read More<\/a>\r\n\t\t\t\t\t\t\t\t\t<\/div>\r\n\t\t\t\t\t\t\t<\/div>\r\n\t\t<\/div>\r\n\t<\/div>\r\n<\/div><div class=\"wppsac-post-slides\">\r\n\t<div class=\"wppsac-post-list\">\r\n\t\t<div class=\"wppsac-post-list-content\">\r\n\t\t\t\r\n\t\t\t<div class=\" wp-medium-12  wpcolumns\">\r\n\t\t\t\t\r\n\t\t\t\t<h2 class=\"wppsac-post-title\">\r\n\t\t\t\t\t<a href=\"http:\/\/www.ket4f-gas.eu\/?p=2656&#038;lang=es\">TECNOLOG\u00cdA QUE PERMITE RECICLAR LOS GASES DE REFRIGERACI\u00d3N<\/a>\r\n\t\t\t\t<\/h2>\r\n\r\n\t\t\t\t\t\t\t\t<div class=\"wppsac-post-date\">\r\n\t\t\t\t\t11 October, 2021\t\t\t\t<\/div>\r\n\t\t\t\t\t\t\t\t<div class=\"wppsac-post-content\">\r\n\t\t\t\t\t<div class=\"wppsac-sub-content\">El grupo de I+D KET4F-Gas, formado por 13 entidades socias y 6 asociadas de la Universidad, la empresa y las...<\/div>\r\n\r\n\t\t\t\t\t\t\t\t\t\t<a class=\"wppsac-readmorebtn\" href=\"http:\/\/www.ket4f-gas.eu\/?p=2656&#038;lang=es\">Read More<\/a>\r\n\t\t\t\t\t\t\t\t\t<\/div>\r\n\t\t\t\t\t\t\t<\/div>\r\n\t\t<\/div>\r\n\t<\/div>\r\n<\/div><div class=\"wppsac-post-slides\">\r\n\t<div class=\"wppsac-post-list\">\r\n\t\t<div class=\"wppsac-post-list-content\">\r\n\t\t\t\r\n\t\t\t<div class=\" wp-medium-12  wpcolumns\">\r\n\t\t\t\t\r\n\t\t\t\t<h2 class=\"wppsac-post-title\">\r\n\t\t\t\t\t<a href=\"http:\/\/www.ket4f-gas.eu\/?p=2654&#038;lang=pt\">TECNOLOG\u00cdA QUE PERMITE RECICLAR LOS GASES DE REFRIGERACI\u00d3N<\/a>\r\n\t\t\t\t<\/h2>\r\n\r\n\t\t\t\t\t\t\t\t<div class=\"wppsac-post-date\">\r\n\t\t\t\t\t11 October, 2021\t\t\t\t<\/div>\r\n\t\t\t\t\t\t\t\t<div class=\"wppsac-post-content\">\r\n\t\t\t\t\t<div class=\"wppsac-sub-content\">El grupo de I+D KET4F-Gas, formado por 13 entidades socias y 6 asociadas de la Universidad, la empresa y las...<\/div>\r\n\r\n\t\t\t\t\t\t\t\t\t\t<a class=\"wppsac-readmorebtn\" href=\"http:\/\/www.ket4f-gas.eu\/?p=2654&#038;lang=pt\">Read More<\/a>\r\n\t\t\t\t\t\t\t\t\t<\/div>\r\n\t\t\t\t\t\t\t<\/div>\r\n\t\t<\/div>\r\n\t<\/div>\r\n<\/div><div class=\"wppsac-post-slides\">\r\n\t<div class=\"wppsac-post-list\">\r\n\t\t<div class=\"wppsac-post-list-content\">\r\n\t\t\t\r\n\t\t\t<div class=\" wp-medium-12  wpcolumns\">\r\n\t\t\t\t\r\n\t\t\t\t<h2 class=\"wppsac-post-title\">\r\n\t\t\t\t\t<a href=\"http:\/\/www.ket4f-gas.eu\/?p=2652\">TECNOLOG\u00cdA QUE PERMITE RECICLAR LOS GASES DE REFRIGERACI\u00d3N<\/a>\r\n\t\t\t\t<\/h2>\r\n\r\n\t\t\t\t\t\t\t\t<div class=\"wppsac-post-date\">\r\n\t\t\t\t\t11 October, 2021\t\t\t\t<\/div>\r\n\t\t\t\t\t\t\t\t<div class=\"wppsac-post-content\">\r\n\t\t\t\t\t<div class=\"wppsac-sub-content\">El grupo de I+D KET4F-Gas, formado por 13 entidades socias y 6 asociadas de la Universidad, la empresa y las...<\/div>\r\n\r\n\t\t\t\t\t\t\t\t\t\t<a class=\"wppsac-readmorebtn\" href=\"http:\/\/www.ket4f-gas.eu\/?p=2652\">Read More<\/a>\r\n\t\t\t\t\t\t\t\t\t<\/div>\r\n\t\t\t\t\t\t\t<\/div>\r\n\t\t<\/div>\r\n\t<\/div>\r\n<\/div><div class=\"wppsac-post-slides\">\r\n\t<div class=\"wppsac-post-list\">\r\n\t\t<div class=\"wppsac-post-list-content\">\r\n\t\t\t\r\n\t\t\t<div class=\" wp-medium-12  wpcolumns\">\r\n\t\t\t\t\r\n\t\t\t\t<h2 class=\"wppsac-post-title\">\r\n\t\t\t\t\t<a href=\"http:\/\/www.ket4f-gas.eu\/?p=2638&#038;lang=fr\">Ket4F-Gas project in the press<\/a>\r\n\t\t\t\t<\/h2>\r\n\r\n\t\t\t\t\t\t\t\t<div class=\"wppsac-post-date\">\r\n\t\t\t\t\t30 September, 2021\t\t\t\t<\/div>\r\n\t\t\t\t\t\t\t\t<div class=\"wppsac-post-content\">\r\n\t\t\t\t\t<div class=\"wppsac-sub-content\">Latest news about the Ket4F-Gas project in the media. On the occasion of the final project conference and the parliamentary...<\/div>\r\n\r\n\t\t\t\t\t\t\t\t\t\t<a class=\"wppsac-readmorebtn\" href=\"http:\/\/www.ket4f-gas.eu\/?p=2638&#038;lang=fr\">Read More<\/a>\r\n\t\t\t\t\t\t\t\t\t<\/div>\r\n\t\t\t\t\t\t\t<\/div>\r\n\t\t<\/div>\r\n\t<\/div>\r\n<\/div><div class=\"wppsac-post-slides\">\r\n\t<div class=\"wppsac-post-list\">\r\n\t\t<div class=\"wppsac-post-list-content\">\r\n\t\t\t\r\n\t\t\t<div class=\" wp-medium-12  wpcolumns\">\r\n\t\t\t\t\r\n\t\t\t\t<h2 class=\"wppsac-post-title\">\r\n\t\t\t\t\t<a href=\"http:\/\/www.ket4f-gas.eu\/?p=2636&#038;lang=es\">Ket4F-Gas project in the press<\/a>\r\n\t\t\t\t<\/h2>\r\n\r\n\t\t\t\t\t\t\t\t<div class=\"wppsac-post-date\">\r\n\t\t\t\t\t30 September, 2021\t\t\t\t<\/div>\r\n\t\t\t\t\t\t\t\t<div class=\"wppsac-post-content\">\r\n\t\t\t\t\t<div class=\"wppsac-sub-content\">Latest news about the Ket4F-Gas project in the media. On the occasion of the final project conference and the parliamentary...<\/div>\r\n\r\n\t\t\t\t\t\t\t\t\t\t<a class=\"wppsac-readmorebtn\" href=\"http:\/\/www.ket4f-gas.eu\/?p=2636&#038;lang=es\">Read More<\/a>\r\n\t\t\t\t\t\t\t\t\t<\/div>\r\n\t\t\t\t\t\t\t<\/div>\r\n\t\t<\/div>\r\n\t<\/div>\r\n<\/div><div class=\"wppsac-post-slides\">\r\n\t<div class=\"wppsac-post-list\">\r\n\t\t<div class=\"wppsac-post-list-content\">\r\n\t\t\t\r\n\t\t\t<div class=\" wp-medium-12  wpcolumns\">\r\n\t\t\t\t\r\n\t\t\t\t<h2 class=\"wppsac-post-title\">\r\n\t\t\t\t\t<a href=\"http:\/\/www.ket4f-gas.eu\/?p=2634&#038;lang=pt\">Ket4F-Gas project in the press<\/a>\r\n\t\t\t\t<\/h2>\r\n\r\n\t\t\t\t\t\t\t\t<div class=\"wppsac-post-date\">\r\n\t\t\t\t\t30 September, 2021\t\t\t\t<\/div>\r\n\t\t\t\t\t\t\t\t<div class=\"wppsac-post-content\">\r\n\t\t\t\t\t<div class=\"wppsac-sub-content\">Latest news about the Ket4F-Gas project in the media. On the occasion of the final project conference and the parliamentary...<\/div>\r\n\r\n\t\t\t\t\t\t\t\t\t\t<a class=\"wppsac-readmorebtn\" href=\"http:\/\/www.ket4f-gas.eu\/?p=2634&#038;lang=pt\">Read More<\/a>\r\n\t\t\t\t\t\t\t\t\t<\/div>\r\n\t\t\t\t\t\t\t<\/div>\r\n\t\t<\/div>\r\n\t<\/div>\r\n<\/div><div class=\"wppsac-post-slides\">\r\n\t<div class=\"wppsac-post-list\">\r\n\t\t<div class=\"wppsac-post-list-content\">\r\n\t\t\t\r\n\t\t\t<div class=\" wp-medium-12  wpcolumns\">\r\n\t\t\t\t\r\n\t\t\t\t<h2 class=\"wppsac-post-title\">\r\n\t\t\t\t\t<a href=\"http:\/\/www.ket4f-gas.eu\/?p=2632\">Ket4F-Gas project in the press<\/a>\r\n\t\t\t\t<\/h2>\r\n\r\n\t\t\t\t\t\t\t\t<div class=\"wppsac-post-date\">\r\n\t\t\t\t\t30 September, 2021\t\t\t\t<\/div>\r\n\t\t\t\t\t\t\t\t<div class=\"wppsac-post-content\">\r\n\t\t\t\t\t<div class=\"wppsac-sub-content\">Latest news about the Ket4F-Gas project in the media. On the occasion of the final project conference and the parliamentary...<\/div>\r\n\r\n\t\t\t\t\t\t\t\t\t\t<a class=\"wppsac-readmorebtn\" href=\"http:\/\/www.ket4f-gas.eu\/?p=2632\">Read More<\/a>\r\n\t\t\t\t\t\t\t\t\t<\/div>\r\n\t\t\t\t\t\t\t<\/div>\r\n\t\t<\/div>\r\n\t<\/div>\r\n<\/div><div class=\"wppsac-post-slides\">\r\n\t<div class=\"wppsac-post-list\">\r\n\t\t<div class=\"wppsac-post-list-content\">\r\n\t\t\t\r\n\t\t\t<div class=\" wp-medium-12  wpcolumns\">\r\n\t\t\t\t\r\n\t\t\t\t<h2 class=\"wppsac-post-title\">\r\n\t\t\t\t\t<a href=\"http:\/\/www.ket4f-gas.eu\/?p=2484&#038;lang=fr\">Europe\u2019s Most Chilling Crime The illegal trade in HFC refrigerant gases<\/a>\r\n\t\t\t\t<\/h2>\r\n\r\n\t\t\t\t\t\t\t\t<div class=\"wppsac-post-date\">\r\n\t\t\t\t\t20 July, 2021\t\t\t\t<\/div>\r\n\t\t\t\t\t\t\t\t<div class=\"wppsac-post-content\">\r\n\t\t\t\t\t<div class=\"wppsac-sub-content\">Introduction Despite a brief dip in carbon dioxide emissions caused by the COVID-19 pandemic, the world is still heading for...<\/div>\r\n\r\n\t\t\t\t\t\t\t\t\t\t<a class=\"wppsac-readmorebtn\" href=\"http:\/\/www.ket4f-gas.eu\/?p=2484&#038;lang=fr\">Read More<\/a>\r\n\t\t\t\t\t\t\t\t\t<\/div>\r\n\t\t\t\t\t\t\t<\/div>\r\n\t\t<\/div>\r\n\t<\/div>\r\n<\/div><div class=\"wppsac-post-slides\">\r\n\t<div class=\"wppsac-post-list\">\r\n\t\t<div class=\"wppsac-post-list-content\">\r\n\t\t\t\r\n\t\t\t<div class=\" wp-medium-12  wpcolumns\">\r\n\t\t\t\t\r\n\t\t\t\t<h2 class=\"wppsac-post-title\">\r\n\t\t\t\t\t<a href=\"http:\/\/www.ket4f-gas.eu\/?p=2482&#038;lang=es\">Europe\u2019s Most Chilling Crime The illegal trade in HFC refrigerant gases<\/a>\r\n\t\t\t\t<\/h2>\r\n\r\n\t\t\t\t\t\t\t\t<div class=\"wppsac-post-date\">\r\n\t\t\t\t\t20 July, 2021\t\t\t\t<\/div>\r\n\t\t\t\t\t\t\t\t<div class=\"wppsac-post-content\">\r\n\t\t\t\t\t<div class=\"wppsac-sub-content\">Introduction Despite a brief dip in carbon dioxide emissions caused by the COVID-19 pandemic, the world is still heading for...<\/div>\r\n\r\n\t\t\t\t\t\t\t\t\t\t<a class=\"wppsac-readmorebtn\" href=\"http:\/\/www.ket4f-gas.eu\/?p=2482&#038;lang=es\">Read More<\/a>\r\n\t\t\t\t\t\t\t\t\t<\/div>\r\n\t\t\t\t\t\t\t<\/div>\r\n\t\t<\/div>\r\n\t<\/div>\r\n<\/div>\t\t\t<\/div>\r\n\t\t<\/div><\/div><\/div>\n<p>[\/et_pb_text][\/et_pb_column][\/et_pb_row][\/et_pb_section]<\/p>\n","protected":false},"excerpt":{"rendered":"<p>[et_pb_section bb_built=&#8221;1&#8243; _builder_version=&#8221;3.6&#8243; custom_margin=&#8221;-100px|||&#8221;][et_pb_row _builder_version=&#8221;3.3.1&#8243; background_position=&#8221;top_left&#8221; background_repeat=&#8221;repeat&#8221; background_size=&#8221;initial&#8221;][et_pb_column type=&#8221;4_4&#8243;][et_pb_image _builder_version=&#8221;3.6&#8243; src=&#8221;http:\/\/www.ket4f-gas.eu\/wp-content\/uploads\/2018\/06\/banner2-1.jpg&#8221; align=&#8221;center&#8221; \/][et_pb_text _builder_version=&#8221;3.6&#8243; background_position=&#8221;top_left&#8221; background_repeat=&#8221;repeat&#8221; background_size=&#8221;initial&#8221;] KET4F-Gas &nbsp; Reduction of the Environmental Impact of Fluorinated Gases in the Sudoe [&hellip;]<\/p>\n","protected":false},"author":5,"featured_media":0,"parent":0,"menu_order":0,"comment_status":"closed","ping_status":"closed","template":"","meta":{"_et_pb_use_builder":"on","_et_pb_old_content":"","_et_gb_content_width":"","footnotes":""},"class_list":["post-259","page","type-page","status-publish","hentry"],"_links":{"self":[{"href":"http:\/\/www.ket4f-gas.eu\/index.php?rest_route=\/wp\/v2\/pages\/259","targetHints":{"allow":["GET"]}}],"collection":[{"href":"http:\/\/www.ket4f-gas.eu\/index.php?rest_route=\/wp\/v2\/pages"}],"about":[{"href":"http:\/\/www.ket4f-gas.eu\/index.php?rest_route=\/wp\/v2\/types\/page"}],"author":[{"embeddable":true,"href":"http:\/\/www.ket4f-gas.eu\/index.php?rest_route=\/wp\/v2\/users\/5"}],"replies":[{"embeddable":true,"href":"http:\/\/www.ket4f-gas.eu\/index.php?rest_route=%2Fwp%2Fv2%2Fcomments&post=259"}],"version-history":[{"count":8,"href":"http:\/\/www.ket4f-gas.eu\/index.php?rest_route=\/wp\/v2\/pages\/259\/revisions"}],"predecessor-version":[{"id":333,"href":"http:\/\/www.ket4f-gas.eu\/index.php?rest_route=\/wp\/v2\/pages\/259\/revisions\/333"}],"wp:attachment":[{"href":"http:\/\/www.ket4f-gas.eu\/index.php?rest_route=%2Fwp%2Fv2%2Fmedia&parent=259"}],"curies":[{"name":"wp","href":"https:\/\/api.w.org\/{rel}","templated":true}]}}