{"id":58,"date":"2018-05-21T11:42:20","date_gmt":"2018-05-21T11:42:20","guid":{"rendered":"http:\/\/www.ket4f-gas.eu\/?page_id=58"},"modified":"2018-05-25T08:13:46","modified_gmt":"2018-05-25T08:13:46","slug":"inicio","status":"publish","type":"page","link":"http:\/\/www.ket4f-gas.eu\/?page_id=58&lang=es","title":{"rendered":"inicio"},"content":{"rendered":"<p>[et_pb_section bb_built=&#8221;1&#8243; _builder_version=&#8221;3.3.1&#8243;][et_pb_row][et_pb_column type=&#8221;4_4&#8243;][et_pb_image _builder_version=&#8221;3.3.1&#8243; src=&#8221;http:\/\/www.ket4f-gas.eu\/wp-content\/uploads\/2018\/05\/banner.jpg&#8221; align=&#8221;center&#8221; \/][\/et_pb_column][\/et_pb_row][et_pb_row _builder_version=&#8221;3.3.1&#8243;][et_pb_column type=&#8221;4_4&#8243;][et_pb_text _builder_version=&#8221;3.3.1&#8243;]<\/p>\n<h1 style=\"text-align: center;\"><strong>EVENTO INTERNACIONAL DE LANZAMIENTO DEL PROYECTO INTERREG SUDOE KET4F-Gas<\/strong><\/h1>\n<p>&nbsp;<\/p>\n<h2 style=\"text-align: center;\"><strong>Caparica, 11 Junio 2018<\/strong><\/h2>\n<p>&nbsp;<\/p>\n<p style=\"text-align: justify;\">KET4F-Gas es un proyecto europeo cofinaciado por el Programa Interreg Sudoe a trav\u00e9s del Fondo Europeo de Desarrollo Regional (FEDER), con una financiaci\u00f3n de 1,7 millones de euros.<\/p>\n<p style=\"text-align: justify;\">En el contexto actual de sequ\u00eda persistente en las regiones del sudoeste europo (\u00e1rea SUDOE), que sufren cada vez m\u00e1s eventos de incendios dif\u00edcilmente controlables, relacionados con per\u00edodos prolongados de sequ\u00eda y fuertes vientos, la investigaci\u00f3n sobre alternativas que contribuyan a reducir las emisiones de gases de efecto invernadero es de la m\u00e1s alta prioridad. KET4F-Gas tiene como objetivo principal reducir el impacto ambiental de los gases fluorados a trav\u00e9s del desarrollo y la implementaci\u00f3n de Tecnolog\u00edas Facilitadoras Esenciales.<\/p>\n<p style=\"text-align: justify;\">La Facultad de Ciencias y Tecnolog\u00eda de la Universidad NOVA de Lisboa (FCT NOVA) se complace en invitarle al Evento Internacional de Lanzamiento del Proyecto KET4F-Gas el pr\u00f3ximo 11 de junio, en la FCT NOVA, Campus de Caparica.<\/p>\n<p>[\/et_pb_text][\/et_pb_column][\/et_pb_row][et_pb_row _builder_version=&#8221;3.3.1&#8243; module_alignment=&#8221;center&#8221; background_color=&#8221;#f4f4f4&#8243;][et_pb_column type=&#8221;1_2&#8243;][et_pb_button _builder_version=&#8221;3.3.1&#8243; button_text=&#8221;Programa&#8221; button_alignment=&#8221;center&#8221; button_url=&#8221;http:\/\/www.ket4f-gas.eu\/?page_id=96&amp;lang=es&#8221; \/][\/et_pb_column][et_pb_column type=&#8221;1_2&#8243;][et_pb_button _builder_version=&#8221;3.3.1&#8243; button_text=&#8221;Formulario de Registro&#8221; button_alignment=&#8221;center&#8221; button_url=&#8221;http:\/\/www.ket4f-gas.eu\/?page_id=111&amp;lang=es&#8221; \/][\/et_pb_column][\/et_pb_row][et_pb_row _builder_version=&#8221;3.3.1&#8243;][et_pb_column type=&#8221;1_4&#8243;][et_pb_text _builder_version=&#8221;3.3.1&#8243;]<\/p>\n<h2>Como llegar:<\/h2>\n<p>Audit\u00f3rio Caixa Geral de Dep\u00f3sitos (Ed.V)<br \/>\nFacultad de Ciencias y Tecnolog\u00eda (FCT NOVA)<br \/>\nUniversidad NOVA de Lisboa<br \/>\nCampus de Caparica<br \/>\n2829-516<\/p>\n<p>[\/et_pb_text][\/et_pb_column][et_pb_column type=&#8221;3_4&#8243;][et_pb_text _builder_version=&#8221;3.3.1&#8243;]<\/p>\n<p align=\"center\"><iframe loading=\"lazy\" style=\"border: 0;\" src=\"https:\/\/www.google.com\/maps\/embed?pb=!1m18!1m12!1m3!1d778.8438023270539!2d-9.207375470762967!3d38.66324419872545!2m3!1f0!2f0!3f0!3m2!1i1024!2i768!4f13.1!3m3!1m2!1s0xd1ecb94de3f1dfd%3A0xe4c54e9ea1dcf9f4!2sEd.+V+-+Grande+Audit%C3%B3rio+Caixa+Geral+de+Dep%C3%B3sitos!5e0!3m2!1spt-PT!2ses!4v1527144217678\" allowfullscreen=\"allowfullscreen\" width=\"600\" height=\"450\" frameborder=\"0\"><\/iframe><\/p>\n<p>[\/et_pb_text][\/et_pb_column][\/et_pb_row][et_pb_row][et_pb_column type=&#8221;4_4&#8243;][et_pb_text _builder_version=&#8221;3.3.1&#8243;]<\/p>\n<p style=\"text-align: justify;\">Durante el evento se presentar\u00e1n los objetivos, actividades y resultados esperados del proyecto. Adem\u00e1s, se contar\u00e1 con autoridades regionales y nacionales del \u00e1rea Sudoe, que dar\u00e1n su visi\u00f3n sobre la problem\u00e1tica a la que se enfrentan estos pa\u00edses en relaci\u00f3n a las emisiones de los gases fluorados de efecto invernadero, as\u00ed como con destacados miembros del \u00e1mbito acad\u00e9mico y empresarial, que compartir\u00e1n datos sobre el escenario actual respecto a la gesti\u00f3n de residuos y el desarrollo sostenible en las regiones participantes en el proyecto.<\/p>\n<p style=\"text-align: justify;\">Para finalizar, le invitamos a participar en un &#8220;Networking Cocktail&#8221; en el que compartir experiencias y conocimiento sobre un tema de esta relevancia para las regiones europeas junto a los socios del proyecto y otros participantes del evento: desde empresas y gestores de residuos hasta la administraci\u00f3n p\u00fablica y otros agentes locales y regionales interesados en la tem\u00e1tica abordada.<\/p>\n<p>[\/et_pb_text][\/et_pb_column][\/et_pb_row][\/et_pb_section]<\/p>\n","protected":false},"excerpt":{"rendered":"<p><div class=\"et_pb_row et_pb_row_0 et_pb_row_empty\">\n\t\t\t\t\n\t\t\t\t\n\t\t\t\t\n\t\t\t\t\n\t\t\t\t\n\t\t\t<\/div> EVENTO INTERNACIONAL DE LANZAMIENTO DEL PROYECTO INTERREG SUDOE KET4F-Gas &nbsp; Caparica, 11 Junio 2018 &nbsp; KET4F-Gas es un proyecto europeo cofinaciado por el Programa Interreg Sudoe a trav\u00e9s del [&hellip;]<\/p>\n","protected":false},"author":5,"featured_media":0,"parent":0,"menu_order":0,"comment_status":"closed","ping_status":"closed","template":"","meta":{"_et_pb_use_builder":"on","_et_pb_old_content":"","_et_gb_content_width":"","footnotes":""},"class_list":["post-58","page","type-page","status-publish","hentry"],"_links":{"self":[{"href":"http:\/\/www.ket4f-gas.eu\/index.php?rest_route=\/wp\/v2\/pages\/58","targetHints":{"allow":["GET"]}}],"collection":[{"href":"http:\/\/www.ket4f-gas.eu\/index.php?rest_route=\/wp\/v2\/pages"}],"about":[{"href":"http:\/\/www.ket4f-gas.eu\/index.php?rest_route=\/wp\/v2\/types\/page"}],"author":[{"embeddable":true,"href":"http:\/\/www.ket4f-gas.eu\/index.php?rest_route=\/wp\/v2\/users\/5"}],"replies":[{"embeddable":true,"href":"http:\/\/www.ket4f-gas.eu\/index.php?rest_route=%2Fwp%2Fv2%2Fcomments&post=58"}],"version-history":[{"count":19,"href":"http:\/\/www.ket4f-gas.eu\/index.php?rest_route=\/wp\/v2\/pages\/58\/revisions"}],"predecessor-version":[{"id":182,"href":"http:\/\/www.ket4f-gas.eu\/index.php?rest_route=\/wp\/v2\/pages\/58\/revisions\/182"}],"wp:attachment":[{"href":"http:\/\/www.ket4f-gas.eu\/index.php?rest_route=%2Fwp%2Fv2%2Fmedia&parent=58"}],"curies":[{"name":"wp","href":"https:\/\/api.w.org\/{rel}","templated":true}]}}