{"id":627,"date":"2018-08-31T11:31:41","date_gmt":"2018-08-31T11:31:41","guid":{"rendered":"http:\/\/www.ket4f-gas.eu\/?page_id=627"},"modified":"2018-08-31T11:54:25","modified_gmt":"2018-08-31T11:54:25","slug":"inicio_fr","status":"publish","type":"page","link":"http:\/\/www.ket4f-gas.eu\/?page_id=627&lang=fr","title":{"rendered":"inicio_fr"},"content":{"rendered":"<p>[et_pb_section bb_built=&#8221;1&#8243;][et_pb_row][et_pb_column type=&#8221;4_4&#8243;][et_pb_image _builder_version=&#8221;3.3.1&#8243; src=&#8221;http:\/\/www.ket4f-gas.eu\/wp-content\/uploads\/2018\/05\/banner.jpg&#8221; align=&#8221;center&#8221; \/][\/et_pb_column][\/et_pb_row][et_pb_row _builder_version=&#8221;3.3.1&#8243; background_position=&#8221;top_left&#8221; background_repeat=&#8221;repeat&#8221; background_size=&#8221;initial&#8221;][et_pb_column type=&#8221;4_4&#8243;][et_pb_text _builder_version=&#8221;3.7.1&#8243; background_position=&#8221;top_left&#8221; background_repeat=&#8221;repeat&#8221; background_size=&#8221;initial&#8221;]<\/p>\n<h1 style=\"text-align: center;\"><strong>\u00c9V\u00c9NEMENT INTERNATIONAL DE LANCEMENT DU PROJET INTERREG SUDOE KET4F-Gas<\/strong><\/h1>\n<p>&nbsp;<\/p>\n<h2 style=\"text-align: center;\"><strong>Caparica, 11 Juin 2018<\/strong><\/h2>\n<p>&nbsp;<\/p>\n<p style=\"text-align: justify;\">KET4F-Gas est un projet europ\u00e9en cofinanc\u00e9 par le programme Interreg Sudoe \u00e0 travers le Fonds europ\u00e9en de d\u00e9veloppement r\u00e9gional (FEDER), avec un financement de 1,7 million d&#8217;euros.<\/p>\n<p style=\"text-align: justify;\">Dans le contexte actuel de s\u00e9cheresse persistante dans les r\u00e9gions du sud-ouest de l&#8217;Europe (SUDOE), qui connaissent des incendies de plus en plus difficiles li\u00e9s aux p\u00e9riodes prolong\u00e9es de s\u00e9cheresse et de vents violents, les recherches sur les alternatives contribuant \u00e0 r\u00e9duire les \u00e9missions de gaz \u00e0 effet de serre se r\u00e9v\u00e8lent de la plus haute priorit\u00e9. L&#8217;objectif principal du projet KET4F-Gas est de r\u00e9duire l&#8217;impact environnemental des gaz fluor\u00e9s \u00e0 travers le d\u00e9veloppement et la mise en \u0153uvre de technologies cl\u00e9s g\u00e9n\u00e9riques.<\/p>\n<p style=\"text-align: justify;\">La Facult\u00e9 des Sciences et Techniques (FCT NOVA) de l&#8217;Universit\u00e9 NOVA de Lisbonne, a le plaisir de vous inviter au lancement international du projet KET4F-Gas, le 11 juin \u00e0 FCT NOVA, Campus de Caparica.<\/p>\n<p>[\/et_pb_text][\/et_pb_column][\/et_pb_row][et_pb_row _builder_version=&#8221;3.3.1&#8243; module_alignment=&#8221;center&#8221; background_color=&#8221;#f4f4f4&#8243;][et_pb_column type=&#8221;1_2&#8243;][et_pb_button _builder_version=&#8221;3.7.1&#8243; button_text=&#8221;Programme&#8221; button_alignment=&#8221;center&#8221; button_url=&#8221;http:\/\/www.ket4f-gas.eu\/?page_id=627&#8243; \/][\/et_pb_column][et_pb_column type=&#8221;1_2&#8243;][et_pb_button _builder_version=&#8221;3.7.1&#8243; button_text=&#8221;Formulaire d&#8217;inscription&#8221; button_alignment=&#8221;center&#8221; button_url=&#8221;http:\/\/www.ket4f-gas.eu\/?page_id=642&#8243; \/][\/et_pb_column][\/et_pb_row][et_pb_row _builder_version=&#8221;3.3.1&#8243; background_position=&#8221;top_left&#8221; background_repeat=&#8221;repeat&#8221; background_size=&#8221;initial&#8221;][et_pb_column type=&#8221;1_4&#8243;][et_pb_text _builder_version=&#8221;3.7.1&#8243; background_position=&#8221;top_left&#8221; background_repeat=&#8221;repeat&#8221; background_size=&#8221;initial&#8221;]<\/p>\n<h2>Comment se rendre \u00e0 FCT NOVA:<\/h2>\n<p>Audit\u00f3rio Caixa Geral de Dep\u00f3sitos (Ed. V)<br \/>\nFaculty of Sciences and Technology (FCT NOVA)<br \/>\nUniversidade NOVA de Lisboa<br \/>\nCampus of Caparica<br \/>\n2829-516<\/p>\n<p>[\/et_pb_text][\/et_pb_column][et_pb_column type=&#8221;3_4&#8243;][et_pb_text _builder_version=&#8221;3.3.1&#8243; background_position=&#8221;top_left&#8221; background_repeat=&#8221;repeat&#8221; background_size=&#8221;initial&#8221;]<\/p>\n<p align=\"center\"><iframe loading=\"lazy\" style=\"border: 0;\" src=\"https:\/\/www.google.com\/maps\/embed?pb=!1m18!1m12!1m3!1d778.8438023270539!2d-9.207375470762967!3d38.66324419872545!2m3!1f0!2f0!3f0!3m2!1i1024!2i768!4f13.1!3m3!1m2!1s0xd1ecb94de3f1dfd%3A0xe4c54e9ea1dcf9f4!2sEd.+V+-+Grande+Audit%C3%B3rio+Caixa+Geral+de+Dep%C3%B3sitos!5e0!3m2!1spt-PT!2ses!4v1527144217678\" width=\"600\" height=\"450\" frameborder=\"0\" allowfullscreen=\"allowfullscreen\"><\/iframe><\/p>\n<p>[\/et_pb_text][\/et_pb_column][\/et_pb_row][et_pb_row][et_pb_column type=&#8221;4_4&#8243;][et_pb_text _builder_version=&#8221;3.7.1&#8243; background_position=&#8221;top_left&#8221; background_repeat=&#8221;repeat&#8221; background_size=&#8221;initial&#8221;]<\/p>\n<p style=\"text-align: justify;\">Au cours de cet \u00e9v\u00e9nement, les objectifs, les activit\u00e9s et les r\u00e9sultats attendus du projet seront pr\u00e9sent\u00e9s. En outre, il y aura des autorit\u00e9s r\u00e9gionales et nationales de la r\u00e9gion du Sudoe qui donneront leur vision sur le probl\u00e8me rencontr\u00e9 par ces pays en ce qui concerne les \u00e9missions de gaz \u00e0 effet de serre fluor\u00e9s, ainsi que des membres \u00e9minents du monde acad\u00e9mique et commercial qui partageront les donn\u00e9es sur le sc\u00e9nario actuel concernant la gestion des d\u00e9chets et le d\u00e9veloppement durable dans les r\u00e9gions participant au projet.<\/p>\n<p style=\"text-align: justify;\">Enfin, nous vous invitons \u00e0 participer au Networking Cocktail, dans lequel vous pourrez partager des exp\u00e9riences et des connaissances sur un sujet de grande importance pour toutes les r\u00e9gions europ\u00e9ennes, avec les partenaires du projet et les autres participants de l&#8217;\u00e9v\u00e9nement, tels que PME, d\u00e9chets gestionnaires, ou administrations publiques.<\/p>\n<p>[\/et_pb_text][\/et_pb_column][\/et_pb_row][\/et_pb_section]<\/p>\n","protected":false},"excerpt":{"rendered":"<p><div class=\"et_pb_row et_pb_row_0 et_pb_row_empty\">\n\t\t\t\t\n\t\t\t\t\n\t\t\t\t\n\t\t\t\t\n\t\t\t\t\n\t\t\t<\/div> \u00c9V\u00c9NEMENT INTERNATIONAL DE LANCEMENT DU PROJET INTERREG SUDOE KET4F-Gas &nbsp; Caparica, 11 Juin 2018 &nbsp; KET4F-Gas est un projet europ\u00e9en cofinanc\u00e9 par le programme Interreg Sudoe \u00e0 travers le [&hellip;]<\/p>\n","protected":false},"author":5,"featured_media":0,"parent":0,"menu_order":0,"comment_status":"closed","ping_status":"closed","template":"","meta":{"_et_pb_use_builder":"on","_et_pb_old_content":"","_et_gb_content_width":"","footnotes":""},"class_list":["post-627","page","type-page","status-publish","hentry"],"_links":{"self":[{"href":"http:\/\/www.ket4f-gas.eu\/index.php?rest_route=\/wp\/v2\/pages\/627","targetHints":{"allow":["GET"]}}],"collection":[{"href":"http:\/\/www.ket4f-gas.eu\/index.php?rest_route=\/wp\/v2\/pages"}],"about":[{"href":"http:\/\/www.ket4f-gas.eu\/index.php?rest_route=\/wp\/v2\/types\/page"}],"author":[{"embeddable":true,"href":"http:\/\/www.ket4f-gas.eu\/index.php?rest_route=\/wp\/v2\/users\/5"}],"replies":[{"embeddable":true,"href":"http:\/\/www.ket4f-gas.eu\/index.php?rest_route=%2Fwp%2Fv2%2Fcomments&post=627"}],"version-history":[{"count":7,"href":"http:\/\/www.ket4f-gas.eu\/index.php?rest_route=\/wp\/v2\/pages\/627\/revisions"}],"predecessor-version":[{"id":646,"href":"http:\/\/www.ket4f-gas.eu\/index.php?rest_route=\/wp\/v2\/pages\/627\/revisions\/646"}],"wp:attachment":[{"href":"http:\/\/www.ket4f-gas.eu\/index.php?rest_route=%2Fwp%2Fv2%2Fmedia&parent=627"}],"curies":[{"name":"wp","href":"https:\/\/api.w.org\/{rel}","templated":true}]}}

<p>[et_pb_section bb_built=&#8221;1&#8243;][et_pb_row][et_pb_column type=&#8221;4_4&#8243;][et_pb_image _builder_version=&#8221;3.3.1&#8243; src=&#8221;http://www.ket4f-gas.eu/wp-content/uploads/2018/05/banner.jpg&#8221; align=&#8221;center&#8221; /][/et_pb_column][/et_pb_row][et_pb_row _builder_version=&#8221;3.3.1&#8243; background_position=&#8221;top_left&#8221; background_repeat=&#8221;repeat&#8221; background_size=&#8221;initial&#8221;][et_pb_column type=&#8221;4_4&#8243;][et_pb_text _builder_version=&#8221;3.7.1&#8243; background_position=&#8221;top_left&#8221; background_repeat=&#8221;repeat&#8221; background_size=&#8221;initial&#8221;]</p>
<h1 style="text-align: center;"><strong>ÉVÉNEMENT INTERNATIONAL DE LANCEMENT DU PROJET INTERREG SUDOE KET4F-Gas</strong></h1>
<p>&nbsp;</p>
<h2 style="text-align: center;"><strong>Caparica, 11 Juin 2018</strong></h2>
<p>&nbsp;</p>
<p style="text-align: justify;">KET4F-Gas est un projet européen cofinancé par le programme Interreg Sudoe à travers le Fonds européen de développement régional (FEDER), avec un financement de 1,7 million d&#8217;euros.</p>
<p style="text-align: justify;">Dans le contexte actuel de sécheresse persistante dans les régions du sud-ouest de l&#8217;Europe (SUDOE), qui connaissent des incendies de plus en plus difficiles liés aux périodes prolongées de sécheresse et de vents violents, les recherches sur les alternatives contribuant à réduire les émissions de gaz à effet de serre se révèlent de la plus haute priorité. L&#8217;objectif principal du projet KET4F-Gas est de réduire l&#8217;impact environnemental des gaz fluorés à travers le développement et la mise en œuvre de technologies clés génériques.</p>
<p style="text-align: justify;">La Faculté des Sciences et Techniques (FCT NOVA) de l&#8217;Université NOVA de Lisbonne, a le plaisir de vous inviter au lancement international du projet KET4F-Gas, le 11 juin à FCT NOVA, Campus de Caparica.</p>
<p>[/et_pb_text][/et_pb_column][/et_pb_row][et_pb_row _builder_version=&#8221;3.3.1&#8243; module_alignment=&#8221;center&#8221; background_color=&#8221;#f4f4f4&#8243;][et_pb_column type=&#8221;1_2&#8243;][et_pb_button _builder_version=&#8221;3.7.1&#8243; button_text=&#8221;Programme&#8221; button_alignment=&#8221;center&#8221; button_url=&#8221;http://www.ket4f-gas.eu/?page_id=627&#8243; /][/et_pb_column][et_pb_column type=&#8221;1_2&#8243;][et_pb_button _builder_version=&#8221;3.7.1&#8243; button_text=&#8221;Formulaire d&#8217;inscription&#8221; button_alignment=&#8221;center&#8221; button_url=&#8221;http://www.ket4f-gas.eu/?page_id=642&#8243; /][/et_pb_column][/et_pb_row][et_pb_row _builder_version=&#8221;3.3.1&#8243; background_position=&#8221;top_left&#8221; background_repeat=&#8221;repeat&#8221; background_size=&#8221;initial&#8221;][et_pb_column type=&#8221;1_4&#8243;][et_pb_text _builder_version=&#8221;3.7.1&#8243; background_position=&#8221;top_left&#8221; background_repeat=&#8221;repeat&#8221; background_size=&#8221;initial&#8221;]</p>
<h2>Comment se rendre à FCT NOVA:</h2>
<p>Auditório Caixa Geral de Depósitos (Ed. V)<br />
Faculty of Sciences and Technology (FCT NOVA)<br />
Universidade NOVA de Lisboa<br />
Campus of Caparica<br />
2829-516</p>
<p>[/et_pb_text][/et_pb_column][et_pb_column type=&#8221;3_4&#8243;][et_pb_text _builder_version=&#8221;3.3.1&#8243; background_position=&#8221;top_left&#8221; background_repeat=&#8221;repeat&#8221; background_size=&#8221;initial&#8221;]</p>
<p align="center"><iframe loading="lazy" style="border: 0;" src="https://www.google.com/maps/embed?pb=!1m18!1m12!1m3!1d778.8438023270539!2d-9.207375470762967!3d38.66324419872545!2m3!1f0!2f0!3f0!3m2!1i1024!2i768!4f13.1!3m3!1m2!1s0xd1ecb94de3f1dfd%3A0xe4c54e9ea1dcf9f4!2sEd.+V+-+Grande+Audit%C3%B3rio+Caixa+Geral+de+Dep%C3%B3sitos!5e0!3m2!1spt-PT!2ses!4v1527144217678" width="600" height="450" frameborder="0" allowfullscreen="allowfullscreen"></iframe></p>
<p>[/et_pb_text][/et_pb_column][/et_pb_row][et_pb_row][et_pb_column type=&#8221;4_4&#8243;][et_pb_text _builder_version=&#8221;3.7.1&#8243; background_position=&#8221;top_left&#8221; background_repeat=&#8221;repeat&#8221; background_size=&#8221;initial&#8221;]</p>
<p style="text-align: justify;">Au cours de cet événement, les objectifs, les activités et les résultats attendus du projet seront présentés. En outre, il y aura des autorités régionales et nationales de la région du Sudoe qui donneront leur vision sur le problème rencontré par ces pays en ce qui concerne les émissions de gaz à effet de serre fluorés, ainsi que des membres éminents du monde académique et commercial qui partageront les données sur le scénario actuel concernant la gestion des déchets et le développement durable dans les régions participant au projet.</p>
<p style="text-align: justify;">Enfin, nous vous invitons à participer au Networking Cocktail, dans lequel vous pourrez partager des expériences et des connaissances sur un sujet de grande importance pour toutes les régions européennes, avec les partenaires du projet et les autres participants de l&#8217;événement, tels que PME, déchets gestionnaires, ou administrations publiques.</p>
<p>[/et_pb_text][/et_pb_column][/et_pb_row][/et_pb_section]</p>

<p><div class="et_pb_row et_pb_row_0 et_pb_row_empty">
				
				
				
				
				
			</div> ÉVÉNEMENT INTERNATIONAL DE LANCEMENT DU PROJET INTERREG SUDOE KET4F-Gas &nbsp; Caparica, 11 Juin 2018 &nbsp; KET4F-Gas est un projet européen cofinancé par le programme Interreg Sudoe à travers le [&hellip;]</p>
