{"id":635,"date":"2018-08-31T11:46:19","date_gmt":"2018-08-31T11:46:19","guid":{"rendered":"http:\/\/www.ket4f-gas.eu\/?page_id=635"},"modified":"2018-08-31T11:46:19","modified_gmt":"2018-08-31T11:46:19","slug":"programme","status":"publish","type":"page","link":"http:\/\/www.ket4f-gas.eu\/?page_id=635&lang=fr","title":{"rendered":"Programme"},"content":{"rendered":"<p>[et_pb_section bb_built=&#8221;1&#8243;][et_pb_row][et_pb_column type=&#8221;4_4&#8243;][et_pb_image _builder_version=&#8221;3.3.1&#8243; src=&#8221;http:\/\/www.ket4f-gas.eu\/wp-content\/uploads\/2018\/05\/banner.jpg&#8221; \/][\/et_pb_column][\/et_pb_row][et_pb_row][et_pb_column type=&#8221;4_4&#8243;][et_pb_text _builder_version=&#8221;3.7.1&#8243;]<\/p>\n<h1 style=\"text-align: center;\">Programme*<\/h1>\n<p>&nbsp;<\/p>\n<h3 style=\"text-align: center;\">11 juin 2018 &#8211; Auditorium CGD de la Facult\u00e9 des Sciences et Technologies (FCT NOVA), Universit\u00e9 NOVA de Lisbonne &#8211; Campus de Caparica<\/h3>\n<p>*Official languages of Sudoe area (Portuguese, Spanish and French): simultaneous interpretation for English available.<div class='et-box et-shadow'>\n\t\t\t\t\t<div class='et-box-content'><p style=\"text-align: justify;\"><strong>13:30h<\/strong>. <strong>enregistrement<\/strong><\/p>\n<p style=\"text-align: justify;\"><strong>14:00h<\/strong>. <strong>Bienvenue<\/strong>. Directeur de FCT NOVA<\/p>\n<p style=\"text-align: justify;\"><strong>14:10h<\/strong>.<strong> Pr\u00e9sentation du projet KET4F-Gas<\/strong>. Chef de file, FCT NOVA<\/p>\n<p style=\"text-align: justify;\"><strong>14:30h<\/strong>. <strong>Action sur les \u00e9missions de gaz \u00e0 effet de serre fluor\u00e9s dans les r\u00e9gions du SUDOE: changements climatiques, r\u00e9glementation europ\u00e9enne et l\u00e9gislation nationale.<\/strong><\/p>\n<ul style=\"text-align: justify;\">\n<li>Ana Rodrigues Daam, Head of the Division for Mitigation and Carbon Market of the Portuguese Environment Agency (APA)<\/li>\n<li>M\u00f3nica P\u00e9rez Medina, Head of the Waste Service, Xunta de Galicia<\/li>\n<\/ul>\n<p style=\"text-align: justify;\"><strong>15:10h<\/strong>. <strong>Accord de Kigali: action sur les \u00e9missions de gaz \u00e0 effet de serre fluor\u00e9s en dehors de la zone SUDOE. Lourdes F. Vega, copr\u00e9sidente de la GRC Professeur, Institut p\u00e9trolier (PI, Universit\u00e9 des sciences et technologies de Khalifa), Abu Dhabi, EAU<\/p>\n<p style=\"text-align: justify;\"><strong>15:30h<\/strong>. <strong>Meilleures pratiques et m\u00e9thodologies disponibles dans le contexte europ\u00e9en pour la gestion des d\u00e9chets d&#8217;\u00e9quipements \u00e9lectriques et \u00e9lectroniques (DEEE).<\/strong> Rosa Monforte, General Director of the European Recycling Platform of Portugal (ERP)<\/p>\n<p>&nbsp;<\/p>\n<p style=\"text-align: justify;\"><strong>15:50h<\/strong>. <strong>Vue d&#8217;ensemble de l&#8217;Espagne sur la gestion des d\u00e9chets de gaz \u00e0 effet de serre fluor\u00e9s.<\/strong> Enrique Gonz\u00e1lez, Coordinateur R &#038; D, FCC \u00c1mbito, Espagne<\/p>\n<p style=\"text-align: justify;\"><strong>16:10h<\/strong>. <strong>D\u00e9fis de la gestion des d\u00e9chets de gaz \u00e0 effet de serre fluor\u00e9s au Portugal<\/strong>. Jos\u00e9 Aranda Correia, Chef du D\u00e9partement de la Recherche et du D\u00e9veloppement, Ambigroup Reciclagem, S.A., Portugal<\/p>\n<p style=\"text-align: justify;\"><strong>16:30h<\/strong>. <strong>Impact environnemental des gaz \u00e0 effet de serre fluor\u00e9s: \u00e9quilibre entre l&#8217;environnement, la soci\u00e9t\u00e9 et l&#8217;\u00e9conomie.<\/strong> Ana Filipa Alves, ZERO &#8211; Association du Syst\u00e8me Terrestre Durable, Portugal<\/p>\n<p style=\"text-align: justify;\"><strong>16:50h<\/strong>. <strong>Conclusions \/ R\u00e9capitulation<\/strong>, Recteur de l&#8217;UNL<\/p>\n<p style=\"text-align: justify;\"><strong>17:00h<\/strong>. <strong>Cocktail du r\u00e9seau<\/strong> u &#8220;Pregui\u00e7odromo&#8221; de la Biblioth\u00e8que de FCT NOVA<\/p><\/div><\/div><\/p>\n<p>&nbsp;<\/p>\n<p>[\/et_pb_text][\/et_pb_column][\/et_pb_row][\/et_pb_section]<\/p>\n","protected":false},"excerpt":{"rendered":"<p><div class=\"et_pb_row et_pb_row_0 et_pb_row_empty\">\n\t\t\t\t\n\t\t\t\t\n\t\t\t\t\n\t\t\t\t\n\t\t\t\t\n\t\t\t<\/div><div class=\"et_pb_row et_pb_row_1 et_pb_row_empty\">\n\t\t\t\t\n\t\t\t\t\n\t\t\t\t\n\t\t\t\t\n\t\t\t\t\n\t\t\t<\/div> Programme* &nbsp; 11 juin 2018 &#8211; Auditorium CGD de la Facult\u00e9 des Sciences et Technologies (FCT NOVA), Universit\u00e9 NOVA de Lisbonne &#8211; Campus de Caparica *Official languages of Sudoe [&hellip;]<\/p>\n","protected":false},"author":5,"featured_media":0,"parent":0,"menu_order":0,"comment_status":"closed","ping_status":"closed","template":"","meta":{"_et_pb_use_builder":"on","_et_pb_old_content":"","_et_gb_content_width":"","footnotes":""},"class_list":["post-635","page","type-page","status-publish","hentry"],"_links":{"self":[{"href":"http:\/\/www.ket4f-gas.eu\/index.php?rest_route=\/wp\/v2\/pages\/635","targetHints":{"allow":["GET"]}}],"collection":[{"href":"http:\/\/www.ket4f-gas.eu\/index.php?rest_route=\/wp\/v2\/pages"}],"about":[{"href":"http:\/\/www.ket4f-gas.eu\/index.php?rest_route=\/wp\/v2\/types\/page"}],"author":[{"embeddable":true,"href":"http:\/\/www.ket4f-gas.eu\/index.php?rest_route=\/wp\/v2\/users\/5"}],"replies":[{"embeddable":true,"href":"http:\/\/www.ket4f-gas.eu\/index.php?rest_route=%2Fwp%2Fv2%2Fcomments&post=635"}],"version-history":[{"count":1,"href":"http:\/\/www.ket4f-gas.eu\/index.php?rest_route=\/wp\/v2\/pages\/635\/revisions"}],"predecessor-version":[{"id":636,"href":"http:\/\/www.ket4f-gas.eu\/index.php?rest_route=\/wp\/v2\/pages\/635\/revisions\/636"}],"wp:attachment":[{"href":"http:\/\/www.ket4f-gas.eu\/index.php?rest_route=%2Fwp%2Fv2%2Fmedia&parent=635"}],"curies":[{"name":"wp","href":"https:\/\/api.w.org\/{rel}","templated":true}]}}

<p>[et_pb_section bb_built=&#8221;1&#8243;][et_pb_row][et_pb_column type=&#8221;4_4&#8243;][et_pb_image _builder_version=&#8221;3.3.1&#8243; src=&#8221;http://www.ket4f-gas.eu/wp-content/uploads/2018/05/banner.jpg&#8221; /][/et_pb_column][/et_pb_row][et_pb_row][et_pb_column type=&#8221;4_4&#8243;][et_pb_text _builder_version=&#8221;3.7.1&#8243;]</p>
<h1 style="text-align: center;">Programme*</h1>
<p>&nbsp;</p>
<h3 style="text-align: center;">11 juin 2018 &#8211; Auditorium CGD de la Faculté des Sciences et Technologies (FCT NOVA), Université NOVA de Lisbonne &#8211; Campus de Caparica</h3>
<p>*Official languages of Sudoe area (Portuguese, Spanish and French): simultaneous interpretation for English available.<div class='et-box et-shadow'>
					<div class='et-box-content'><p style="text-align: justify;"><strong>13:30h</strong>. <strong>enregistrement</strong></p>
<p style="text-align: justify;"><strong>14:00h</strong>. <strong>Bienvenue</strong>. Directeur de FCT NOVA</p>
<p style="text-align: justify;"><strong>14:10h</strong>.<strong> Présentation du projet KET4F-Gas</strong>. Chef de file, FCT NOVA</p>
<p style="text-align: justify;"><strong>14:30h</strong>. <strong>Action sur les émissions de gaz à effet de serre fluorés dans les régions du SUDOE: changements climatiques, réglementation européenne et législation nationale.</strong></p>
<ul style="text-align: justify;">
<li>Ana Rodrigues Daam, Head of the Division for Mitigation and Carbon Market of the Portuguese Environment Agency (APA)</li>
<li>Mónica Pérez Medina, Head of the Waste Service, Xunta de Galicia</li>
</ul>
<p style="text-align: justify;"><strong>15:10h</strong>. <strong>Accord de Kigali: action sur les émissions de gaz à effet de serre fluorés en dehors de la zone SUDOE. Lourdes F. Vega, coprésidente de la GRC Professeur, Institut pétrolier (PI, Université des sciences et technologies de Khalifa), Abu Dhabi, EAU</p>
<p style="text-align: justify;"><strong>15:30h</strong>. <strong>Meilleures pratiques et méthodologies disponibles dans le contexte européen pour la gestion des déchets d&#8217;équipements électriques et électroniques (DEEE).</strong> Rosa Monforte, General Director of the European Recycling Platform of Portugal (ERP)</p>
<p>&nbsp;</p>
<p style="text-align: justify;"><strong>15:50h</strong>. <strong>Vue d&#8217;ensemble de l&#8217;Espagne sur la gestion des déchets de gaz à effet de serre fluorés.</strong> Enrique González, Coordinateur R &#038; D, FCC Ámbito, Espagne</p>
<p style="text-align: justify;"><strong>16:10h</strong>. <strong>Défis de la gestion des déchets de gaz à effet de serre fluorés au Portugal</strong>. José Aranda Correia, Chef du Département de la Recherche et du Développement, Ambigroup Reciclagem, S.A., Portugal</p>
<p style="text-align: justify;"><strong>16:30h</strong>. <strong>Impact environnemental des gaz à effet de serre fluorés: équilibre entre l&#8217;environnement, la société et l&#8217;économie.</strong> Ana Filipa Alves, ZERO &#8211; Association du Système Terrestre Durable, Portugal</p>
<p style="text-align: justify;"><strong>16:50h</strong>. <strong>Conclusions / Récapitulation</strong>, Recteur de l&#8217;UNL</p>
<p style="text-align: justify;"><strong>17:00h</strong>. <strong>Cocktail du réseau</strong> u &#8220;Preguiçodromo&#8221; de la Bibliothèque de FCT NOVA</p></div></div></p>
<p>&nbsp;</p>
<p>[/et_pb_text][/et_pb_column][/et_pb_row][/et_pb_section]</p>

<p><div class="et_pb_row et_pb_row_0 et_pb_row_empty">
				
				
				
				
				
			</div><div class="et_pb_row et_pb_row_1 et_pb_row_empty">
				
				
				
				
				
			</div> Programme* &nbsp; 11 juin 2018 &#8211; Auditorium CGD de la Faculté des Sciences et Technologies (FCT NOVA), Université NOVA de Lisbonne &#8211; Campus de Caparica *Official languages of Sudoe [&hellip;]</p>
