{"id":723,"date":"2018-11-12T08:51:34","date_gmt":"2018-11-12T08:51:34","guid":{"rendered":"http:\/\/www.ket4f-gas.eu\/?page_id=723"},"modified":"2021-03-03T13:24:44","modified_gmt":"2021-03-03T13:24:44","slug":"fct-nova-pt","status":"publish","type":"page","link":"http:\/\/www.ket4f-gas.eu\/?page_id=723&lang=pt","title":{"rendered":"FCT NOVA pt"},"content":{"rendered":"<p>[et_pb_section fb_built=&#8221;1&#8243; _builder_version=&#8221;3.22&#8243;][et_pb_row _builder_version=&#8221;3.25&#8243; background_size=&#8221;initial&#8221; background_position=&#8221;top_left&#8221; background_repeat=&#8221;repeat&#8221; column_structure=&#8221;1_4,3_4&#8243;][et_pb_column type=&#8221;1_4&#8243; _builder_version=&#8221;3.25&#8243; custom_padding=&#8221;|||&#8221; custom_padding__hover=&#8221;|||&#8221;][et_pb_image src=&#8221;http:\/\/www.ket4f-gas.eu\/wp-content\/uploads\/2021\/03\/NOVA_CMYK_SASSIN_HORIZ_POSIT_85_225mm-1.png&#8221; align_tablet=&#8221;center&#8221; align_last_edited=&#8221;on|desktop&#8221; _builder_version=&#8221;4.9.0&#8243; hover_enabled=&#8221;0&#8243; title_text=&#8221;NOVA_CMYK_SASSIN_HORIZ_POSIT_85_225mm&#8221; sticky_enabled=&#8221;0&#8243;][\/et_pb_image][et_pb_text _builder_version=&#8221;3.27.4&#8243;]<\/p>\n<p>\nPortugal<img loading=\"lazy\" decoding=\"async\" class=\"wp-image-397 alignleft\" style=\"margin-top: 1px;\" src=\"http:\/\/www.ket4f-gas.eu\/wp-content\/uploads\/2018\/08\/portugal_flags.png\" alt=\"\" width=\"20\" height=\"20\" \/><\/p>\n<p><a href=\"mailto:anab@fct.unl.pt\" target=\"_blank\" rel=\"noopener noreferrer\">Ana Bel\u00e9n Pereiro<\/a><img loading=\"lazy\" decoding=\"async\" class=\"wp-image-394 alignleft\" style=\"margin-top: 1px;\" src=\"http:\/\/www.ket4f-gas.eu\/wp-content\/uploads\/2018\/08\/email.png\" alt=\"\" width=\"25\" height=\"25\" \/><\/p>\n<p><a href=\"mailto:jmmda@fct.unl.pt\" target=\"_blank\" rel=\"noopener noreferrer\">Jo\u00e3o Araujo<\/a><img loading=\"lazy\" decoding=\"async\" class=\"wp-image-394 alignleft\" style=\"margin-top: 1px;\" src=\"http:\/\/www.ket4f-gas.eu\/wp-content\/uploads\/2018\/08\/email.png\" alt=\"\" width=\"25\" height=\"25\" \/><\/p>\n<p>[\/et_pb_text][\/et_pb_column][et_pb_column type=&#8221;3_4&#8243; _builder_version=&#8221;3.25&#8243; custom_padding=&#8221;|||&#8221; custom_padding__hover=&#8221;|||&#8221;][et_pb_text _builder_version=&#8221;3.27.4&#8243; z_index_tablet=&#8221;500&#8243;]<\/p>\n<h3><span style=\"color: #ff9900;\"><strong>FCT NOVA<\/strong><\/span><\/h3>\n<p style=\"text-align: justify;\">A Faculdade de Ci\u00eancias e Tecnologia da Universidade NOVA de Lisboa (FCT NOVA), uma das tr\u00eas maiores e mais prestigiadas escolas de Engenharia e Ci\u00eancias portuguesas, \u00e9 reconhecida pela sua investiga\u00e7\u00e3o de excel\u00eancia, pela qualidade dos seus cursos e pela empregabilidade dos seus diplomados (licenciados, mestres, doutores).<\/p>\n<p style=\"text-align: justify;\">A produ\u00e7\u00e3o cient\u00edfica da FCT NOVA, materializada pela publica\u00e7\u00e3o de um elevado n\u00famero de artigos em revistas internacionais de grande exig\u00eancia e qualidade, conferem-lhe amplo reconhecimento no atual contexto universit\u00e1rio nacional e internacional, participando nos tr\u00eas cons\u00f3rcios patrocinados pelo Estado Portugu\u00eas com universidades dos Estados Unidos da Am\u00e9rica, designadamente o Instituto de Tecnologia de Massachusetts (MIT), a Universidade Carnegie Mellon (CMU) e a Universidade do Texas em Austin (UTAustin).<\/p>\n<p style=\"text-align: justify;\">A FCT NOVA, com 16 centros de Investiga\u00e7\u00e3o, conta com 7 Bolsas ERC num horizonte de 10 anos, demonstrando ser uma Escola de Ci\u00eancia e Engenharia baseada em investiga\u00e7\u00e3o internacional de vanguarda. Al\u00e9m disso, distingue-se por uma cultura de excelente relacionamento docente-estudante que potencializa o impulso empreendedor dos seus alunos e graduados, e que j\u00e1 conduziu a v\u00e1rias spin-offs de sucesso que transferem conhecimento para o mercado e ajudam a criar valor e impacto social. Os centros de investiga\u00e7\u00e3o <strong>LAQV (Laborat\u00f3rio Associado para a Qu\u00edmica Verde &#8211; Tecnologias Limpas e Processos) e MARE (Centro de Ci\u00eancias do Mar e do Ambiente)<\/strong> participam no projeto KET4F-Gas. O LAQV \u00e9 um centro de investiga\u00e7\u00e3o internacionalmente reconhecido na \u00e1rea tem\u00e1tica da Qu\u00edmica Verde, focado no desenvolvimento da qu\u00edmica sustent\u00e1vel. O MARE procura a excel\u00eancia no estudo dos ecossistemas aqu\u00e1ticos e dissemina esse conhecimento para apoiar o progresso humano e as pol\u00edticas de desenvolvimento sustent\u00e1vel.<\/p>\n<p>[\/et_pb_text][et_pb_text _builder_version=&#8221;3.27.4&#8243; z_index_tablet=&#8221;500&#8243;]<\/p>\n<table style=\"width: 100%;\" border=\"0\">\n<tbody>\n<tr>\n<td style=\"width: 14.0878%;\"><img loading=\"lazy\" decoding=\"async\" class=\"aligncenter size-full wp-image-1136\" src=\"http:\/\/www.ket4f-gas.eu\/wp-content\/uploads\/2019\/05\/Ana-B.-Pereiro.jpg\" alt=\"\" width=\"106\" height=\"150\" \/><\/td>\n<td style=\"width: 66.9746%;\">\n<p align=\"center\"><span style=\"font-family: Arial, serif;\"><strong>Ana B. Pereiro<\/strong> <br \/><\/span><span style=\"font-family: Arial, serif;\">Coordenadora<\/span><\/p>\n<\/td>\n<td style=\"width: 17.7829%;\"><img loading=\"lazy\" decoding=\"async\" class=\"aligncenter wp-image-1153\" src=\"http:\/\/www.ket4f-gas.eu\/wp-content\/uploads\/2019\/05\/Logo_LAQV-150x150.png\" alt=\"\" width=\"100\" height=\"100\" srcset=\"http:\/\/www.ket4f-gas.eu\/wp-content\/uploads\/2019\/05\/Logo_LAQV-150x150.png 150w, http:\/\/www.ket4f-gas.eu\/wp-content\/uploads\/2019\/05\/Logo_LAQV-300x300.png 300w, http:\/\/www.ket4f-gas.eu\/wp-content\/uploads\/2019\/05\/Logo_LAQV-768x768.png 768w, http:\/\/www.ket4f-gas.eu\/wp-content\/uploads\/2019\/05\/Logo_LAQV-1024x1024.png 1024w, http:\/\/www.ket4f-gas.eu\/wp-content\/uploads\/2019\/05\/Logo_LAQV.png 1063w\" sizes=\"(max-width: 100px) 100vw, 100px\" \/><\/td>\n<\/tr>\n<tr>\n<td style=\"width: 14.0878%;\"><img loading=\"lazy\" decoding=\"async\" class=\"aligncenter size-full wp-image-1137\" src=\"http:\/\/www.ket4f-gas.eu\/wp-content\/uploads\/2019\/05\/Jo\u00e3o-M.-M.-Ara\u00fajo.jpg\" alt=\"\" width=\"117\" height=\"150\" \/><\/td>\n<td style=\"width: 66.9746%;\">\n<p align=\"center\"><span style=\"font-family: Arial, serif;\"><strong>Jo\u00e3o M. M. Ara\u00fajo<\/strong><br \/><\/span><span style=\"font-family: Arial, serif;\">Co-coordenadora<\/span><\/p>\n<\/td>\n<td style=\"width: 17.7829%;\">\n<p align=\"center\"><span style=\"font-family: Arial, serif;\"><img loading=\"lazy\" decoding=\"async\" class=\"aligncenter wp-image-1153\" src=\"http:\/\/www.ket4f-gas.eu\/wp-content\/uploads\/2019\/05\/Logo_LAQV-150x150.png\" alt=\"\" width=\"100\" height=\"100\" srcset=\"http:\/\/www.ket4f-gas.eu\/wp-content\/uploads\/2019\/05\/Logo_LAQV-150x150.png 150w, http:\/\/www.ket4f-gas.eu\/wp-content\/uploads\/2019\/05\/Logo_LAQV-300x300.png 300w, http:\/\/www.ket4f-gas.eu\/wp-content\/uploads\/2019\/05\/Logo_LAQV-768x768.png 768w, http:\/\/www.ket4f-gas.eu\/wp-content\/uploads\/2019\/05\/Logo_LAQV-1024x1024.png 1024w, http:\/\/www.ket4f-gas.eu\/wp-content\/uploads\/2019\/05\/Logo_LAQV.png 1063w\" sizes=\"(max-width: 100px) 100vw, 100px\" \/><\/span><\/p>\n<\/td>\n<\/tr>\n<tr>\n<td style=\"width: 14.0878%;\"><img loading=\"lazy\" decoding=\"async\" class=\"aligncenter size-full wp-image-1138\" src=\"http:\/\/www.ket4f-gas.eu\/wp-content\/uploads\/2019\/05\/Jos\u00e9-P.-Mota.jpg\" alt=\"\" width=\"115\" height=\"150\" \/><\/td>\n<td style=\"width: 66.9746%;\">\n<p align=\"center\"><span style=\"font-family: Arial, serif;\"><strong>Jos\u00e9 P. Mota<\/strong><br \/>Membro da Equipa de <span class=\"tlid-translation translation\" lang=\"pt\"><span class=\"\" title=\"\">investiga\u00e7\u00e3o<\/span><\/span><br \/><\/span><\/p>\n<\/td>\n<td style=\"width: 17.7829%;\">\n<p align=\"center\"><span style=\"font-family: Arial, serif;\"><img loading=\"lazy\" decoding=\"async\" class=\"aligncenter wp-image-1153\" src=\"http:\/\/www.ket4f-gas.eu\/wp-content\/uploads\/2019\/05\/Logo_LAQV-150x150.png\" alt=\"\" width=\"100\" height=\"100\" srcset=\"http:\/\/www.ket4f-gas.eu\/wp-content\/uploads\/2019\/05\/Logo_LAQV-150x150.png 150w, http:\/\/www.ket4f-gas.eu\/wp-content\/uploads\/2019\/05\/Logo_LAQV-300x300.png 300w, http:\/\/www.ket4f-gas.eu\/wp-content\/uploads\/2019\/05\/Logo_LAQV-768x768.png 768w, http:\/\/www.ket4f-gas.eu\/wp-content\/uploads\/2019\/05\/Logo_LAQV-1024x1024.png 1024w, http:\/\/www.ket4f-gas.eu\/wp-content\/uploads\/2019\/05\/Logo_LAQV.png 1063w\" sizes=\"(max-width: 100px) 100vw, 100px\" \/><\/span><\/p>\n<\/td>\n<\/tr>\n<tr>\n<td style=\"width: 14.0878%;\"><img loading=\"lazy\" decoding=\"async\" class=\"aligncenter size-full wp-image-1139\" src=\"http:\/\/www.ket4f-gas.eu\/wp-content\/uploads\/2019\/05\/Manuel-Nunes-da-Ponte.jpg\" alt=\"\" width=\"119\" height=\"151\" \/><\/td>\n<td style=\"width: 66.9746%;\">\n<p align=\"center\"><span style=\"font-family: Arial, serif;\"><span lang=\"pt-PT\"><strong>Manuel Nunes da Ponte<\/strong><br \/><\/span><\/span>Membro da Equipa de <span class=\"tlid-translation translation\" lang=\"pt\"><span class=\"\" title=\"\">investiga\u00e7\u00e3o<\/span><\/span><\/p>\n<\/td>\n<td style=\"width: 17.7829%;\">\n<p align=\"center\"><span style=\"font-family: Arial, serif;\"><img loading=\"lazy\" decoding=\"async\" class=\"aligncenter wp-image-1153\" src=\"http:\/\/www.ket4f-gas.eu\/wp-content\/uploads\/2019\/05\/Logo_LAQV-150x150.png\" alt=\"\" width=\"100\" height=\"100\" srcset=\"http:\/\/www.ket4f-gas.eu\/wp-content\/uploads\/2019\/05\/Logo_LAQV-150x150.png 150w, http:\/\/www.ket4f-gas.eu\/wp-content\/uploads\/2019\/05\/Logo_LAQV-300x300.png 300w, http:\/\/www.ket4f-gas.eu\/wp-content\/uploads\/2019\/05\/Logo_LAQV-768x768.png 768w, http:\/\/www.ket4f-gas.eu\/wp-content\/uploads\/2019\/05\/Logo_LAQV-1024x1024.png 1024w, http:\/\/www.ket4f-gas.eu\/wp-content\/uploads\/2019\/05\/Logo_LAQV.png 1063w\" sizes=\"(max-width: 100px) 100vw, 100px\" \/><\/span><\/p>\n<\/td>\n<\/tr>\n<tr>\n<td style=\"width: 14.0878%;\"><img loading=\"lazy\" decoding=\"async\" class=\"aligncenter size-full wp-image-1140\" src=\"http:\/\/www.ket4f-gas.eu\/wp-content\/uploads\/2019\/05\/Lu\u00eds-P.-N.-Rebelo.jpg\" alt=\"\" width=\"116\" height=\"151\" \/><\/td>\n<td style=\"width: 66.9746%;\">\n<p align=\"center\"><span style=\"font-family: Arial, serif;\"><span lang=\"pt-PT\"><strong>Lu\u00eds P. N. Rebelo<\/strong><br \/><\/span><\/span>Membro da Equipa de <span class=\"tlid-translation translation\" lang=\"pt\"><span class=\"\" title=\"\">investiga\u00e7\u00e3o<\/span><\/span><\/p>\n<\/td>\n<td style=\"width: 17.7829%;\">\n<p align=\"center\"><span style=\"font-family: Arial, serif;\"><img loading=\"lazy\" decoding=\"async\" class=\"aligncenter wp-image-1153\" src=\"http:\/\/www.ket4f-gas.eu\/wp-content\/uploads\/2019\/05\/Logo_LAQV-150x150.png\" alt=\"\" width=\"100\" height=\"100\" srcset=\"http:\/\/www.ket4f-gas.eu\/wp-content\/uploads\/2019\/05\/Logo_LAQV-150x150.png 150w, http:\/\/www.ket4f-gas.eu\/wp-content\/uploads\/2019\/05\/Logo_LAQV-300x300.png 300w, http:\/\/www.ket4f-gas.eu\/wp-content\/uploads\/2019\/05\/Logo_LAQV-768x768.png 768w, http:\/\/www.ket4f-gas.eu\/wp-content\/uploads\/2019\/05\/Logo_LAQV-1024x1024.png 1024w, http:\/\/www.ket4f-gas.eu\/wp-content\/uploads\/2019\/05\/Logo_LAQV.png 1063w\" sizes=\"(max-width: 100px) 100vw, 100px\" \/><\/span><\/p>\n<\/td>\n<\/tr>\n<tr>\n<td style=\"width: 14.0878%;\"><img loading=\"lazy\" decoding=\"async\" class=\"aligncenter wp-image-1141 size-thumbnail\" src=\"http:\/\/www.ket4f-gas.eu\/wp-content\/uploads\/2019\/05\/Rui-P.-P.-L.-Ribeiro-150x150.jpg\" alt=\"\" width=\"150\" height=\"150\" \/><\/td>\n<td style=\"width: 66.9746%;\">\n<p align=\"center\"><span style=\"font-family: Arial, serif;\"><span lang=\"pt-PT\"><strong>Rui P. P. L. Ribeiro<\/strong><br \/><\/span><\/span>Membro da Equipa de <span class=\"tlid-translation translation\" lang=\"pt\"><span class=\"\" title=\"\">investiga\u00e7\u00e3o<\/span><\/span><\/p>\n<\/td>\n<td style=\"width: 17.7829%;\">\n<p align=\"center\"><span style=\"font-family: Arial, serif;\"><img loading=\"lazy\" decoding=\"async\" class=\"aligncenter wp-image-1153\" src=\"http:\/\/www.ket4f-gas.eu\/wp-content\/uploads\/2019\/05\/Logo_LAQV-150x150.png\" alt=\"\" width=\"100\" height=\"100\" srcset=\"http:\/\/www.ket4f-gas.eu\/wp-content\/uploads\/2019\/05\/Logo_LAQV-150x150.png 150w, http:\/\/www.ket4f-gas.eu\/wp-content\/uploads\/2019\/05\/Logo_LAQV-300x300.png 300w, http:\/\/www.ket4f-gas.eu\/wp-content\/uploads\/2019\/05\/Logo_LAQV-768x768.png 768w, http:\/\/www.ket4f-gas.eu\/wp-content\/uploads\/2019\/05\/Logo_LAQV-1024x1024.png 1024w, http:\/\/www.ket4f-gas.eu\/wp-content\/uploads\/2019\/05\/Logo_LAQV.png 1063w\" sizes=\"(max-width: 100px) 100vw, 100px\" \/><\/span><\/p>\n<\/td>\n<\/tr>\n<tr>\n<td style=\"width: 14.0878%;\"><img loading=\"lazy\" decoding=\"async\" class=\"aligncenter size-thumbnail wp-image-1142\" src=\"http:\/\/www.ket4f-gas.eu\/wp-content\/uploads\/2019\/05\/Ana-V.M.-Nunes-150x150.jpg\" alt=\"\" width=\"150\" height=\"150\" \/><\/td>\n<td style=\"width: 66.9746%;\">\n<p align=\"center\"><span style=\"font-family: Arial, serif;\"><span lang=\"pt-PT\"><strong>Ana V.M. Nunes<\/strong><br \/><\/span><\/span>Membro da Equipa de <span class=\"tlid-translation translation\" lang=\"pt\"><span class=\"\" title=\"\">investiga\u00e7\u00e3o<\/span><\/span><\/p>\n<\/td>\n<td style=\"width: 17.7829%;\">\n<p align=\"center\"><span style=\"font-family: Arial, serif;\"><img loading=\"lazy\" decoding=\"async\" class=\"aligncenter wp-image-1153\" src=\"http:\/\/www.ket4f-gas.eu\/wp-content\/uploads\/2019\/05\/Logo_LAQV-150x150.png\" alt=\"\" width=\"100\" height=\"100\" srcset=\"http:\/\/www.ket4f-gas.eu\/wp-content\/uploads\/2019\/05\/Logo_LAQV-150x150.png 150w, http:\/\/www.ket4f-gas.eu\/wp-content\/uploads\/2019\/05\/Logo_LAQV-300x300.png 300w, http:\/\/www.ket4f-gas.eu\/wp-content\/uploads\/2019\/05\/Logo_LAQV-768x768.png 768w, http:\/\/www.ket4f-gas.eu\/wp-content\/uploads\/2019\/05\/Logo_LAQV-1024x1024.png 1024w, http:\/\/www.ket4f-gas.eu\/wp-content\/uploads\/2019\/05\/Logo_LAQV.png 1063w\" sizes=\"(max-width: 100px) 100vw, 100px\" \/><\/span><\/p>\n<\/td>\n<\/tr>\n<tr>\n<td style=\"width: 14.0878%;\">\n<p><img loading=\"lazy\" decoding=\"async\" class=\"size-thumbnail wp-image-1143\" src=\"http:\/\/www.ket4f-gas.eu\/wp-content\/uploads\/2019\/05\/Julio-Eduardo-Sosa-150x150.jpg\" alt=\"\" width=\"150\" height=\"150\" \/><\/p>\n<\/td>\n<td style=\"width: 66.9746%;\">\n<p align=\"center\"><span style=\"font-family: Arial, serif;\"><span lang=\"pt-PT\"><strong>Julio Eduardo Sosa<\/strong><br \/><\/span><\/span><span style=\"font-family: Arial, serif;\"><span lang=\"pt-PT\">Estudante de doutorado<br \/><\/span><\/span><\/p>\n<\/td>\n<td style=\"width: 17.7829%;\">\n<p align=\"center\"><span style=\"font-family: Arial, serif;\"><img loading=\"lazy\" decoding=\"async\" class=\"aligncenter wp-image-1153\" src=\"http:\/\/www.ket4f-gas.eu\/wp-content\/uploads\/2019\/05\/Logo_LAQV-150x150.png\" alt=\"\" width=\"100\" height=\"100\" srcset=\"http:\/\/www.ket4f-gas.eu\/wp-content\/uploads\/2019\/05\/Logo_LAQV-150x150.png 150w, http:\/\/www.ket4f-gas.eu\/wp-content\/uploads\/2019\/05\/Logo_LAQV-300x300.png 300w, http:\/\/www.ket4f-gas.eu\/wp-content\/uploads\/2019\/05\/Logo_LAQV-768x768.png 768w, http:\/\/www.ket4f-gas.eu\/wp-content\/uploads\/2019\/05\/Logo_LAQV-1024x1024.png 1024w, http:\/\/www.ket4f-gas.eu\/wp-content\/uploads\/2019\/05\/Logo_LAQV.png 1063w\" sizes=\"(max-width: 100px) 100vw, 100px\" \/><\/span><\/p>\n<\/td>\n<\/tr>\n<tr>\n<td style=\"width: 14.0878%;\"><img loading=\"lazy\" decoding=\"async\" class=\"aligncenter size-thumbnail wp-image-1144\" src=\"http:\/\/www.ket4f-gas.eu\/wp-content\/uploads\/2019\/05\/Ma\u0142gorzata-Ewa-Zakrzewska-150x150.jpg\" alt=\"\" width=\"150\" height=\"150\" \/><\/td>\n<td style=\"width: 66.9746%;\">\n<p align=\"center\"><span style=\"font-family: Arial, serif;\"><span lang=\"pt-PT\"><strong>Ma\u0142gorzata Ewa Zakrzewska<\/strong><br \/><\/span><\/span>Membro da Equipa de <span class=\"tlid-translation translation\" lang=\"pt\"><span class=\"\" title=\"\">investiga\u00e7\u00e3o<\/span><\/span><\/p>\n<\/td>\n<td style=\"width: 17.7829%;\">\n<p align=\"center\"><span style=\"font-family: Arial, serif;\"><img loading=\"lazy\" decoding=\"async\" class=\"aligncenter wp-image-1153\" src=\"http:\/\/www.ket4f-gas.eu\/wp-content\/uploads\/2019\/05\/Logo_LAQV-150x150.png\" alt=\"\" width=\"100\" height=\"100\" srcset=\"http:\/\/www.ket4f-gas.eu\/wp-content\/uploads\/2019\/05\/Logo_LAQV-150x150.png 150w, http:\/\/www.ket4f-gas.eu\/wp-content\/uploads\/2019\/05\/Logo_LAQV-300x300.png 300w, http:\/\/www.ket4f-gas.eu\/wp-content\/uploads\/2019\/05\/Logo_LAQV-768x768.png 768w, http:\/\/www.ket4f-gas.eu\/wp-content\/uploads\/2019\/05\/Logo_LAQV-1024x1024.png 1024w, http:\/\/www.ket4f-gas.eu\/wp-content\/uploads\/2019\/05\/Logo_LAQV.png 1063w\" sizes=\"(max-width: 100px) 100vw, 100px\" \/><\/span><\/p>\n<\/td>\n<\/tr>\n<tr>\n<td style=\"width: 14.0878%;\"><img loading=\"lazy\" decoding=\"async\" class=\"aligncenter size-thumbnail wp-image-1145\" src=\"http:\/\/www.ket4f-gas.eu\/wp-content\/uploads\/2019\/05\/Graca-Martinho-150x150.jpg\" alt=\"\" width=\"150\" height=\"150\" \/><\/td>\n<td style=\"width: 66.9746%;\">\n<p align=\"center\"><span style=\"font-family: Arial, serif;\"><span lang=\"pt-PT\"><strong>Gra\u00e7a Martinho<\/strong><br \/><\/span><\/span>Membro da Equipa de <span class=\"tlid-translation translation\" lang=\"pt\"><span class=\"\" title=\"\">investiga\u00e7\u00e3o<\/span><\/span><\/p>\n<\/td>\n<td style=\"width: 17.7829%;\"><img loading=\"lazy\" decoding=\"async\" class=\"aligncenter wp-image-1155\" src=\"http:\/\/www.ket4f-gas.eu\/wp-content\/uploads\/2019\/05\/MARE_logo-1.png\" alt=\"\" width=\"200\" height=\"88\" srcset=\"http:\/\/www.ket4f-gas.eu\/wp-content\/uploads\/2019\/05\/MARE_logo-1.png 339w, http:\/\/www.ket4f-gas.eu\/wp-content\/uploads\/2019\/05\/MARE_logo-1-300x132.png 300w\" sizes=\"(max-width: 200px) 100vw, 200px\" \/><\/td>\n<\/tr>\n<tr>\n<td style=\"width: 14.0878%;\"><img loading=\"lazy\" decoding=\"async\" class=\"aligncenter size-thumbnail wp-image-1146\" src=\"http:\/\/www.ket4f-gas.eu\/wp-content\/uploads\/2019\/05\/Lia-Vasconcelos-150x150.png\" alt=\"\" width=\"150\" height=\"150\" srcset=\"http:\/\/www.ket4f-gas.eu\/wp-content\/uploads\/2019\/05\/Lia-Vasconcelos-150x150.png 150w, http:\/\/www.ket4f-gas.eu\/wp-content\/uploads\/2019\/05\/Lia-Vasconcelos-300x300.png 300w, http:\/\/www.ket4f-gas.eu\/wp-content\/uploads\/2019\/05\/Lia-Vasconcelos.png 360w\" sizes=\"(max-width: 150px) 100vw, 150px\" \/><\/td>\n<td style=\"width: 66.9746%;\">\n<p align=\"center\"><span style=\"font-family: Arial, serif;\"><span lang=\"pt-PT\"><strong>Lia Vasconcelos<\/strong><br \/><\/span><\/span>Membro da Equipa de <span class=\"tlid-translation translation\" lang=\"pt\"><span class=\"\" title=\"\">investiga\u00e7\u00e3o<\/span><\/span><\/p>\n<\/td>\n<td style=\"width: 17.7829%;\">\n<p align=\"center\"><span style=\"font-family: Arial, serif;\"><img loading=\"lazy\" decoding=\"async\" class=\"aligncenter wp-image-1155\" src=\"http:\/\/www.ket4f-gas.eu\/wp-content\/uploads\/2019\/05\/MARE_logo-1.png\" alt=\"\" width=\"200\" height=\"88\" srcset=\"http:\/\/www.ket4f-gas.eu\/wp-content\/uploads\/2019\/05\/MARE_logo-1.png 339w, http:\/\/www.ket4f-gas.eu\/wp-content\/uploads\/2019\/05\/MARE_logo-1-300x132.png 300w\" sizes=\"(max-width: 200px) 100vw, 200px\" \/><\/span><\/p>\n<\/td>\n<\/tr>\n<tr>\n<td style=\"width: 14.0878%;\"><img loading=\"lazy\" decoding=\"async\" class=\"aligncenter size-thumbnail wp-image-1147\" src=\"http:\/\/www.ket4f-gas.eu\/wp-content\/uploads\/2019\/05\/Pedro-Antunes-Santos-150x150.jpg\" alt=\"\" width=\"150\" height=\"150\" \/><\/td>\n<td style=\"width: 66.9746%;\">\n<p align=\"center\"><span style=\"font-family: Arial, serif;\"><span lang=\"pt-PT\"><strong>Pedro Antunes Santos<\/strong><br \/><\/span><\/span>Membro da Equipa de <span class=\"tlid-translation translation\" lang=\"pt\"><span class=\"\" title=\"\">investiga\u00e7\u00e3o<\/span><\/span><\/p>\n<\/td>\n<td style=\"width: 17.7829%;\">\n<p align=\"center\"><span style=\"font-family: Arial, serif;\"><img loading=\"lazy\" decoding=\"async\" class=\"aligncenter wp-image-1155\" src=\"http:\/\/www.ket4f-gas.eu\/wp-content\/uploads\/2019\/05\/MARE_logo-1.png\" alt=\"\" width=\"200\" height=\"88\" srcset=\"http:\/\/www.ket4f-gas.eu\/wp-content\/uploads\/2019\/05\/MARE_logo-1.png 339w, http:\/\/www.ket4f-gas.eu\/wp-content\/uploads\/2019\/05\/MARE_logo-1-300x132.png 300w\" sizes=\"(max-width: 200px) 100vw, 200px\" \/><\/span><\/p>\n<\/td>\n<\/tr>\n<tr>\n<td style=\"width: 14.0878%;\"><img loading=\"lazy\" decoding=\"async\" class=\"aligncenter size-thumbnail wp-image-1149\" src=\"http:\/\/www.ket4f-gas.eu\/wp-content\/uploads\/2019\/05\/Ana-Gomes-150x150.jpg\" alt=\"\" width=\"150\" height=\"150\" \/><\/td>\n<td style=\"width: 66.9746%;\">\n<p align=\"center\"><span style=\"font-family: Arial, serif;\"><span lang=\"pt-PT\"><strong>Ana Gomes<\/strong><br \/><\/span><\/span>Membro da Equipa de <span class=\"tlid-translation translation\" lang=\"pt\"><span class=\"\" title=\"\">investiga\u00e7\u00e3o<\/span><\/span><\/p>\n<\/td>\n<td style=\"width: 17.7829%;\">\n<p align=\"center\"><span style=\"font-family: Arial, serif;\"><img loading=\"lazy\" decoding=\"async\" class=\"aligncenter wp-image-1155\" src=\"http:\/\/www.ket4f-gas.eu\/wp-content\/uploads\/2019\/05\/MARE_logo-1.png\" alt=\"\" width=\"200\" height=\"88\" srcset=\"http:\/\/www.ket4f-gas.eu\/wp-content\/uploads\/2019\/05\/MARE_logo-1.png 339w, http:\/\/www.ket4f-gas.eu\/wp-content\/uploads\/2019\/05\/MARE_logo-1-300x132.png 300w\" sizes=\"(max-width: 200px) 100vw, 200px\" \/><\/span><\/p>\n<\/td>\n<\/tr>\n<tr>\n<td style=\"width: 14.0878%;\"><img loading=\"lazy\" decoding=\"async\" class=\"aligncenter size-thumbnail wp-image-1150\" src=\"http:\/\/www.ket4f-gas.eu\/wp-content\/uploads\/2019\/05\/Ana-Pires-150x150.png\" alt=\"\" width=\"150\" height=\"150\" \/><\/td>\n<td style=\"width: 66.9746%;\">\n<p align=\"center\"><span style=\"font-family: Arial, serif;\"><span lang=\"pt-PT\"><strong>Ana Pires<\/strong><br \/><\/span><\/span>Membro da Equipa de <span class=\"tlid-translation translation\" lang=\"pt\"><span class=\"\" title=\"\">investiga\u00e7\u00e3o<\/span><\/span><\/p>\n<\/td>\n<td style=\"width: 17.7829%;\">\n<p align=\"center\"><span style=\"font-family: Arial, serif;\"><img loading=\"lazy\" decoding=\"async\" class=\"aligncenter wp-image-1155\" src=\"http:\/\/www.ket4f-gas.eu\/wp-content\/uploads\/2019\/05\/MARE_logo-1.png\" alt=\"\" width=\"200\" height=\"88\" srcset=\"http:\/\/www.ket4f-gas.eu\/wp-content\/uploads\/2019\/05\/MARE_logo-1.png 339w, http:\/\/www.ket4f-gas.eu\/wp-content\/uploads\/2019\/05\/MARE_logo-1-300x132.png 300w\" sizes=\"(max-width: 200px) 100vw, 200px\" \/><\/span><\/p>\n<\/td>\n<\/tr>\n<tr>\n<td style=\"width: 14.0878%;\"><img loading=\"lazy\" decoding=\"async\" class=\"aligncenter size-thumbnail wp-image-1151\" src=\"http:\/\/www.ket4f-gas.eu\/wp-content\/uploads\/2019\/05\/Mario-Ramos-150x150.jpg\" alt=\"\" width=\"150\" height=\"150\" \/><\/td>\n<td style=\"width: 66.9746%;\">\n<p align=\"center\"><span style=\"font-family: Arial, serif;\"><span lang=\"pt-PT\"><strong>Mario Ramos<\/strong><br \/><\/span><\/span><span style=\"font-family: Arial, serif;\">Member of Research Team<\/span><\/p>\n<\/td>\n<td style=\"width: 17.7829%;\">\n<p align=\"center\"><span style=\"font-family: Arial, serif;\"><img loading=\"lazy\" decoding=\"async\" class=\"aligncenter wp-image-1155\" src=\"http:\/\/www.ket4f-gas.eu\/wp-content\/uploads\/2019\/05\/MARE_logo-1.png\" alt=\"\" width=\"200\" height=\"88\" srcset=\"http:\/\/www.ket4f-gas.eu\/wp-content\/uploads\/2019\/05\/MARE_logo-1.png 339w, http:\/\/www.ket4f-gas.eu\/wp-content\/uploads\/2019\/05\/MARE_logo-1-300x132.png 300w\" sizes=\"(max-width: 200px) 100vw, 200px\" \/><\/span><\/p>\n<\/td>\n<\/tr>\n<tr>\n<td style=\"width: 14.0878%;\"><img loading=\"lazy\" decoding=\"async\" class=\"aligncenter size-thumbnail wp-image-1152\" src=\"http:\/\/www.ket4f-gas.eu\/wp-content\/uploads\/2019\/05\/Fl\u00e1via-Silva-150x150.jpg\" alt=\"\" width=\"150\" height=\"150\" \/><\/td>\n<td style=\"width: 66.9746%;\">\n<p align=\"center\"><span style=\"font-family: Arial, serif;\"><span lang=\"pt-PT\"><strong>Fl\u00e1via Silva<\/strong><br \/><\/span><\/span>Membro da Equipa de <span class=\"tlid-translation translation\" lang=\"pt\"><span class=\"\" title=\"\">investiga\u00e7\u00e3o<\/span><\/span><\/p>\n<\/td>\n<td style=\"width: 17.7829%;\">\n<p align=\"center\"><span style=\"font-family: Arial, serif;\"><img loading=\"lazy\" decoding=\"async\" class=\"aligncenter wp-image-1155\" src=\"http:\/\/www.ket4f-gas.eu\/wp-content\/uploads\/2019\/05\/MARE_logo-1.png\" alt=\"\" width=\"200\" height=\"88\" srcset=\"http:\/\/www.ket4f-gas.eu\/wp-content\/uploads\/2019\/05\/MARE_logo-1.png 339w, http:\/\/www.ket4f-gas.eu\/wp-content\/uploads\/2019\/05\/MARE_logo-1-300x132.png 300w\" sizes=\"(max-width: 200px) 100vw, 200px\" \/><\/span><\/p>\n<\/td>\n<\/tr>\n<\/tbody>\n<\/table>\n<p>\u00a0<\/p>\n<p>[\/et_pb_text][\/et_pb_column][\/et_pb_row][\/et_pb_section]<\/p>\n","protected":false},"excerpt":{"rendered":"<p>Portugal Ana Bel\u00e9n Pereiro Jo\u00e3o Araujo FCT NOVAA Faculdade de Ci\u00eancias e Tecnologia da Universidade NOVA de Lisboa (FCT NOVA), uma das tr\u00eas maiores e mais prestigiadas escolas de Engenharia [&hellip;]<\/p>\n","protected":false},"author":5,"featured_media":0,"parent":0,"menu_order":0,"comment_status":"closed","ping_status":"closed","template":"","meta":{"_et_pb_use_builder":"on","_et_pb_old_content":"","_et_gb_content_width":"","footnotes":""},"class_list":["post-723","page","type-page","status-publish","hentry"],"_links":{"self":[{"href":"http:\/\/www.ket4f-gas.eu\/index.php?rest_route=\/wp\/v2\/pages\/723","targetHints":{"allow":["GET"]}}],"collection":[{"href":"http:\/\/www.ket4f-gas.eu\/index.php?rest_route=\/wp\/v2\/pages"}],"about":[{"href":"http:\/\/www.ket4f-gas.eu\/index.php?rest_route=\/wp\/v2\/types\/page"}],"author":[{"embeddable":true,"href":"http:\/\/www.ket4f-gas.eu\/index.php?rest_route=\/wp\/v2\/users\/5"}],"replies":[{"embeddable":true,"href":"http:\/\/www.ket4f-gas.eu\/index.php?rest_route=%2Fwp%2Fv2%2Fcomments&post=723"}],"version-history":[{"count":5,"href":"http:\/\/www.ket4f-gas.eu\/index.php?rest_route=\/wp\/v2\/pages\/723\/revisions"}],"predecessor-version":[{"id":2002,"href":"http:\/\/www.ket4f-gas.eu\/index.php?rest_route=\/wp\/v2\/pages\/723\/revisions\/2002"}],"wp:attachment":[{"href":"http:\/\/www.ket4f-gas.eu\/index.php?rest_route=%2Fwp%2Fv2%2Fmedia&parent=723"}],"curies":[{"name":"wp","href":"https:\/\/api.w.org\/{rel}","templated":true}]}}