{"id":767,"date":"2018-11-12T10:56:16","date_gmt":"2018-11-12T10:56:16","guid":{"rendered":"http:\/\/www.ket4f-gas.eu\/?page_id=767"},"modified":"2018-11-12T10:56:16","modified_gmt":"2018-11-12T10:56:16","slug":"interlun-es","status":"publish","type":"page","link":"http:\/\/www.ket4f-gas.eu\/?page_id=767&lang=es","title":{"rendered":"INTERLUN es"},"content":{"rendered":"<p>[et_pb_section bb_built=&#8221;1&#8243;][et_pb_row][et_pb_column type=&#8221;1_4&#8243;][et_pb_image _builder_version=&#8221;3.7.1&#8243; src=&#8221;http:\/\/www.ket4f-gas.eu\/wp-content\/uploads\/2018\/08\/LOGO-INTERLUN.png&#8221; \/][et_pb_text _builder_version=&#8221;3.7.1&#8243;]<\/p>\n<p>Spain<img loading=\"lazy\" decoding=\"async\" class=\"wp-image-397 alignleft\" style=\"margin-top: 1px;\" src=\"http:\/\/www.ket4f-gas.eu\/wp-content\/uploads\/2018\/08\/Spain_flags.png\" alt=\"\" width=\"20\" height=\"20\" \/><\/p>\n<p><a href=\"http:\/\/www.interlun.es\/\" target=\"_blank\" rel=\"noopener\">Website: http:\/\/www.interlun.es\/<\/a><\/p>\n<p><a href=\"mailto:miguel@interlun.es\" target=\"_blank\" rel=\"noopener\">Miguel Canal<\/a><img loading=\"lazy\" decoding=\"async\" class=\"wp-image-394 alignleft\" style=\"margin-top: 1px;\" src=\"http:\/\/www.ket4f-gas.eu\/wp-content\/uploads\/2018\/08\/email.png\" alt=\"\" width=\"25\" height=\"25\" \/><\/p>\n<p>[\/et_pb_text][\/et_pb_column][et_pb_column type=&#8221;3_4&#8243;][et_pb_text _builder_version=&#8221;3.7.1&#8243;]<\/p>\n<h3><span style=\"color: #ff9900;\"><strong>INTERLUN<\/strong><\/span><\/h3>\n<p style=\"text-align: justify;\">Interlun S.L. es una empresa l\u00edder en el sector de la gesti\u00f3n de residuos y pionera en el tratamiento de residuos sanitarios. Todos nuestros servicios se realizan desde el m\u00e1ximo respeto y cuidado al Medio Ambiente y a la protecci\u00f3n de las personas.<\/p>\n<p style=\"text-align: justify;\">Con m\u00e1s de 25 a\u00f1os de experiencia contamos con una amplia infraestructura multidisciplinar capaz de ofrecer un servicio de m\u00e1xima calidad al menor coste. Adem\u00e1s, dispone con un departamento de I+D+i en constante desarrollo de nuevas tecnolog\u00edas que permitan contribuir a la mejora continua en el servicio prestado.<\/p>\n<p>[\/et_pb_text][\/et_pb_column][\/et_pb_row][\/et_pb_section]<\/p>\n","protected":false},"excerpt":{"rendered":"<p><div class=\"et_pb_row et_pb_row_0 et_pb_row_empty\">\n\t\t\t\t\n\t\t\t\t\n\t\t\t\t\n\t\t\t\t\n\t\t\t\t\n\t\t\t<\/div> Spain Website: http:\/\/www.interlun.es\/ Miguel Canal INTERLUN Interlun S.L. es una empresa l\u00edder en el sector de la gesti\u00f3n de residuos y pionera en el tratamiento de residuos sanitarios. Todos [&hellip;]<\/p>\n","protected":false},"author":5,"featured_media":0,"parent":0,"menu_order":0,"comment_status":"closed","ping_status":"closed","template":"","meta":{"_et_pb_use_builder":"on","_et_pb_old_content":"","_et_gb_content_width":"","footnotes":""},"class_list":["post-767","page","type-page","status-publish","hentry"],"_links":{"self":[{"href":"http:\/\/www.ket4f-gas.eu\/index.php?rest_route=\/wp\/v2\/pages\/767","targetHints":{"allow":["GET"]}}],"collection":[{"href":"http:\/\/www.ket4f-gas.eu\/index.php?rest_route=\/wp\/v2\/pages"}],"about":[{"href":"http:\/\/www.ket4f-gas.eu\/index.php?rest_route=\/wp\/v2\/types\/page"}],"author":[{"embeddable":true,"href":"http:\/\/www.ket4f-gas.eu\/index.php?rest_route=\/wp\/v2\/users\/5"}],"replies":[{"embeddable":true,"href":"http:\/\/www.ket4f-gas.eu\/index.php?rest_route=%2Fwp%2Fv2%2Fcomments&post=767"}],"version-history":[{"count":1,"href":"http:\/\/www.ket4f-gas.eu\/index.php?rest_route=\/wp\/v2\/pages\/767\/revisions"}],"predecessor-version":[{"id":768,"href":"http:\/\/www.ket4f-gas.eu\/index.php?rest_route=\/wp\/v2\/pages\/767\/revisions\/768"}],"wp:attachment":[{"href":"http:\/\/www.ket4f-gas.eu\/index.php?rest_route=%2Fwp%2Fv2%2Fmedia&parent=767"}],"curies":[{"name":"wp","href":"https:\/\/api.w.org\/{rel}","templated":true}]}}