{"id":790,"date":"2018-11-12T11:09:23","date_gmt":"2018-11-12T11:09:23","guid":{"rendered":"http:\/\/www.ket4f-gas.eu\/?page_id=790"},"modified":"2019-05-17T10:45:16","modified_gmt":"2019-05-17T10:45:16","slug":"uvigo-pt","status":"publish","type":"page","link":"http:\/\/www.ket4f-gas.eu\/?page_id=790&lang=pt","title":{"rendered":"UVIGO pt"},"content":{"rendered":"<p>[et_pb_section bb_built=&#8221;1&#8243; inner_width=&#8221;auto&#8221; inner_max_width=&#8221;none&#8221;][et_pb_row][et_pb_column type=&#8221;1_4&#8243;][et_pb_image _builder_version=&#8221;3.7.1&#8243; src=&#8221;http:\/\/www.ket4f-gas.eu\/wp-content\/uploads\/2018\/08\/logotipouniversidadedevigo.png&#8221; \/][et_pb_text _builder_version=&#8221;3.7.1&#8243;]<\/p>\n<p>Spain<img loading=\"lazy\" decoding=\"async\" class=\"wp-image-397 alignleft\" style=\"margin-top: 1px;\" src=\"http:\/\/www.ket4f-gas.eu\/wp-content\/uploads\/2018\/08\/Spain_flags.png\" alt=\"\" width=\"20\" height=\"20\" \/><\/p>\n<p><a href=\"https:\/\/www.uvigo.gal\/\" target=\"_blank\" rel=\"noopener noreferrer\">Website: https:\/\/www.uvigo.gal\/<\/a><\/p>\n<p><a href=\"mailto:manumar@uvigo.es\" target=\"_blank\" rel=\"noopener noreferrer\">Manuel Mart\u00ednez<\/a><img loading=\"lazy\" decoding=\"async\" class=\"wp-image-394 alignleft\" style=\"margin-top: 1px;\" src=\"http:\/\/www.ket4f-gas.eu\/wp-content\/uploads\/2018\/08\/email.png\" alt=\"\" width=\"25\" height=\"25\" \/><\/p>\n<p>[\/et_pb_text][\/et_pb_column][et_pb_column type=&#8221;3_4&#8243;][et_pb_text _builder_version=&#8221;3.22.7&#8243; text_text_shadow_horizontal_length=&#8221;text_text_shadow_style,%91object Object%93&#8243; text_text_shadow_vertical_length=&#8221;text_text_shadow_style,%91object Object%93&#8243; text_text_shadow_blur_strength=&#8221;text_text_shadow_style,%91object Object%93&#8243; link_text_shadow_horizontal_length=&#8221;link_text_shadow_style,%91object Object%93&#8243; link_text_shadow_vertical_length=&#8221;link_text_shadow_style,%91object Object%93&#8243; link_text_shadow_blur_strength=&#8221;link_text_shadow_style,%91object Object%93&#8243; ul_text_shadow_horizontal_length=&#8221;ul_text_shadow_style,%91object Object%93&#8243; ul_text_shadow_vertical_length=&#8221;ul_text_shadow_style,%91object Object%93&#8243; ul_text_shadow_blur_strength=&#8221;ul_text_shadow_style,%91object Object%93&#8243; ol_text_shadow_horizontal_length=&#8221;ol_text_shadow_style,%91object Object%93&#8243; ol_text_shadow_vertical_length=&#8221;ol_text_shadow_style,%91object Object%93&#8243; ol_text_shadow_blur_strength=&#8221;ol_text_shadow_style,%91object Object%93&#8243; quote_text_shadow_horizontal_length=&#8221;quote_text_shadow_style,%91object Object%93&#8243; quote_text_shadow_vertical_length=&#8221;quote_text_shadow_style,%91object Object%93&#8243; quote_text_shadow_blur_strength=&#8221;quote_text_shadow_style,%91object Object%93&#8243; header_text_shadow_horizontal_length=&#8221;header_text_shadow_style,%91object Object%93&#8243; header_text_shadow_vertical_length=&#8221;header_text_shadow_style,%91object Object%93&#8243; header_text_shadow_blur_strength=&#8221;header_text_shadow_style,%91object Object%93&#8243; header_2_text_shadow_horizontal_length=&#8221;header_2_text_shadow_style,%91object Object%93&#8243; header_2_text_shadow_vertical_length=&#8221;header_2_text_shadow_style,%91object Object%93&#8243; header_2_text_shadow_blur_strength=&#8221;header_2_text_shadow_style,%91object Object%93&#8243; header_3_text_shadow_horizontal_length=&#8221;header_3_text_shadow_style,%91object Object%93&#8243; header_3_text_shadow_vertical_length=&#8221;header_3_text_shadow_style,%91object Object%93&#8243; header_3_text_shadow_blur_strength=&#8221;header_3_text_shadow_style,%91object Object%93&#8243; header_4_text_shadow_horizontal_length=&#8221;header_4_text_shadow_style,%91object Object%93&#8243; header_4_text_shadow_vertical_length=&#8221;header_4_text_shadow_style,%91object Object%93&#8243; header_4_text_shadow_blur_strength=&#8221;header_4_text_shadow_style,%91object Object%93&#8243; header_5_text_shadow_horizontal_length=&#8221;header_5_text_shadow_style,%91object Object%93&#8243; header_5_text_shadow_vertical_length=&#8221;header_5_text_shadow_style,%91object Object%93&#8243; header_5_text_shadow_blur_strength=&#8221;header_5_text_shadow_style,%91object Object%93&#8243; header_6_text_shadow_horizontal_length=&#8221;header_6_text_shadow_style,%91object Object%93&#8243; header_6_text_shadow_vertical_length=&#8221;header_6_text_shadow_style,%91object Object%93&#8243; header_6_text_shadow_blur_strength=&#8221;header_6_text_shadow_style,%91object Object%93&#8243; z_index_tablet=&#8221;500&#8243;]<\/p>\n<h3><span style=\"color: #ff9900;\"><strong>UVIGO<\/strong><\/span><\/h3>\n<p style=\"text-align: justify;\">A Universidade de Vigo (UVigo) \u00e9 uma institui\u00e7\u00e3o jovem e din\u00e2mica que oferece uma excelente oferta de forma\u00e7\u00e3o acad\u00eamica nos tr\u00eas campi especializados e inovadores que a comp\u00f5em. Est\u00e1 presente nos munic\u00edpios de Ourense, Pontevedra e Vigo, com mais de 30 centros de forma\u00e7\u00e3o e investiga\u00e7\u00e3o, bem como instala\u00e7\u00f5es para desporto e lazer, com um programa cultural cont\u00ednuo. A Uvigo tamb\u00e9m lidera o Campus de Excel\u00eancia Internacional &#8211; Campus do Mar, que possui mais de 3000 investigadores e constitui uma rede internacional de investiga\u00e7\u00e3o e conhecimento com o mar como inspira\u00e7\u00e3o e for\u00e7a motora.<\/p>\n<p style=\"text-align: justify;\">A UVigo oferece 125 licenciaturas e mestrados oficiais, 36 programas de doutoramento, graus conjuntos e diplomas duplos com universidades estrangeiras. Tamb\u00e9m oferece centenas de programas, eventos, workshops e cursos de idiomas e, claro, um programa para adultos.<\/p>\n<p style=\"text-align: justify;\">A Universidade de Vigo foi constru\u00edda sobre bases positivas, baseadas na transpar\u00eancia e boa gest\u00e3o, integra\u00e7\u00e3o, igualdade, diversidade e respeito pelo meio ambiente. Tem como foco a especializa\u00e7\u00e3o e investiga\u00e7\u00e3o de qualidade e, como uma institui\u00e7\u00e3o comprometida com o meio social e econ\u00f3mico, a transfer\u00eancia de conhecimento para a sociedade \u00e9 fundamental \u00e0 sua exist\u00eancia, procurando por isso continuamente traduzir a investiga\u00e7\u00e3o em desenviolvimento social.<\/p>\n<p>[\/et_pb_text][\/et_pb_column][\/et_pb_row][\/et_pb_section]<\/p>\n","protected":false},"excerpt":{"rendered":"<p><div class=\"et_pb_row et_pb_row_0 et_pb_row_empty\">\n\t\t\t\t\n\t\t\t\t\n\t\t\t\t\n\t\t\t\t\n\t\t\t\t\n\t\t\t<\/div> Spain Website: https:\/\/www.uvigo.gal\/ Manuel Mart\u00ednez UVIGO A Universidade de Vigo (UVigo) \u00e9 uma institui\u00e7\u00e3o jovem e din\u00e2mica que oferece uma excelente oferta de forma\u00e7\u00e3o acad\u00eamica nos tr\u00eas campi especializados [&hellip;]<\/p>\n","protected":false},"author":5,"featured_media":0,"parent":0,"menu_order":0,"comment_status":"closed","ping_status":"closed","template":"","meta":{"_et_pb_use_builder":"on","_et_pb_old_content":"","_et_gb_content_width":"","footnotes":""},"class_list":["post-790","page","type-page","status-publish","hentry"],"_links":{"self":[{"href":"http:\/\/www.ket4f-gas.eu\/index.php?rest_route=\/wp\/v2\/pages\/790","targetHints":{"allow":["GET"]}}],"collection":[{"href":"http:\/\/www.ket4f-gas.eu\/index.php?rest_route=\/wp\/v2\/pages"}],"about":[{"href":"http:\/\/www.ket4f-gas.eu\/index.php?rest_route=\/wp\/v2\/types\/page"}],"author":[{"embeddable":true,"href":"http:\/\/www.ket4f-gas.eu\/index.php?rest_route=\/wp\/v2\/users\/5"}],"replies":[{"embeddable":true,"href":"http:\/\/www.ket4f-gas.eu\/index.php?rest_route=%2Fwp%2Fv2%2Fcomments&post=790"}],"version-history":[{"count":3,"href":"http:\/\/www.ket4f-gas.eu\/index.php?rest_route=\/wp\/v2\/pages\/790\/revisions"}],"predecessor-version":[{"id":1304,"href":"http:\/\/www.ket4f-gas.eu\/index.php?rest_route=\/wp\/v2\/pages\/790\/revisions\/1304"}],"wp:attachment":[{"href":"http:\/\/www.ket4f-gas.eu\/index.php?rest_route=%2Fwp%2Fv2%2Fmedia&parent=790"}],"curies":[{"name":"wp","href":"https:\/\/api.w.org\/{rel}","templated":true}]}}