{"id":838,"date":"2018-11-12T12:07:48","date_gmt":"2018-11-12T12:07:48","guid":{"rendered":"http:\/\/www.ket4f-gas.eu\/?page_id=838"},"modified":"2018-11-12T12:07:48","modified_gmt":"2018-11-12T12:07:48","slug":"zero-es","status":"publish","type":"page","link":"http:\/\/www.ket4f-gas.eu\/?page_id=838&lang=es","title":{"rendered":"ZERO es"},"content":{"rendered":"<p>[et_pb_section bb_built=&#8221;1&#8243;][et_pb_row][et_pb_column type=&#8221;1_4&#8243;][et_pb_image _builder_version=&#8221;3.7.1&#8243; src=&#8221;http:\/\/www.ket4f-gas.eu\/wp-content\/uploads\/2018\/08\/s\u00edmbolo-zero.png&#8221; \/][et_pb_text _builder_version=&#8221;3.7.1&#8243;]<\/p>\n<p>Portugal<img loading=\"lazy\" decoding=\"async\" class=\"wp-image-397 alignleft\" style=\"margin-top: 1px;\" src=\"http:\/\/www.ket4f-gas.eu\/wp-content\/uploads\/2018\/08\/portugal_flags.png\" alt=\"\" width=\"20\" height=\"20\" \/><\/p>\n<p><a href=\"http:\/\/zero.ong\" target=\"_blank\" rel=\"noopener\">Website<\/a><img loading=\"lazy\" decoding=\"async\" class=\"wp-image-394 alignleft\" style=\"margin-top: 1px;\" src=\"http:\/\/www.ket4f-gas.eu\/wp-content\/uploads\/2018\/08\/email.png\" alt=\"\" width=\"25\" height=\"25\" \/><\/p>\n<p><a href=\"mailto:filipa.alves@zero.ong\" target=\"_blank\" rel=\"noopener\">Filipa Alves<\/a><img loading=\"lazy\" decoding=\"async\" class=\"wp-image-394 alignleft\" style=\"margin-top: 1px;\" src=\"http:\/\/www.ket4f-gas.eu\/wp-content\/uploads\/2018\/08\/email.png\" alt=\"\" width=\"25\" height=\"25\" \/><\/p>\n<p>[\/et_pb_text][\/et_pb_column][et_pb_column type=&#8221;3_4&#8243;][et_pb_text _builder_version=&#8221;3.7.1&#8243;]<\/p>\n<h3><span style=\"color: #ff9900;\"><strong>ZERO<\/strong><\/span><\/h3>\n<p style=\"text-align: justify;\">ZERO &#8211; Asociaci\u00f3n para la Sostenibilidad del Sistema de la Tierra nace a finales de 2015, gracias al inter\u00e9s com\u00fan de casi un centenar de personas por hacer m\u00e1s tangible el desarrollo sostenible en Portugal. Cero combustibles f\u00f3siles, cero contaminaci\u00f3n, cero recursos desperdiciados, cero destrucci\u00f3n de ecosistemas y biodiversidad y cero desigualdad social y econ\u00f3mica son los objetivos que la Asociaci\u00f3n pretende lograr. Estos objetivos se lograr\u00e1n con varias actividades, como: seguimiento de las pol\u00edticas p\u00fablicas; fomento de la participaci\u00f3n p\u00fablica y ciudadana a trav\u00e9s de campa\u00f1as de sensibilizaci\u00f3n y acciones de capacitaci\u00f3n y educaci\u00f3n; difusi\u00f3n del conocimiento cient\u00edfico y colaboraci\u00f3n en proyectos de investigaci\u00f3n; y desarrollo de proyectos demostrativos de sostenibilidad, que fomenten la participaci\u00f3n social, a trav\u00e9s de iniciativas propias o cooperando con otros institutos.<\/p>\n<p>[\/et_pb_text][\/et_pb_column][\/et_pb_row][\/et_pb_section]<\/p>\n","protected":false},"excerpt":{"rendered":"<p><div class=\"et_pb_row et_pb_row_0 et_pb_row_empty\">\n\t\t\t\t\n\t\t\t\t\n\t\t\t\t\n\t\t\t\t\n\t\t\t\t\n\t\t\t<\/div> Portugal Website Filipa Alves ZERO ZERO &#8211; Asociaci\u00f3n para la Sostenibilidad del Sistema de la Tierra nace a finales de 2015, gracias al inter\u00e9s com\u00fan de casi un centenar [&hellip;]<\/p>\n","protected":false},"author":5,"featured_media":0,"parent":0,"menu_order":0,"comment_status":"closed","ping_status":"closed","template":"","meta":{"_et_pb_use_builder":"on","_et_pb_old_content":"","_et_gb_content_width":"","footnotes":""},"class_list":["post-838","page","type-page","status-publish","hentry"],"_links":{"self":[{"href":"http:\/\/www.ket4f-gas.eu\/index.php?rest_route=\/wp\/v2\/pages\/838","targetHints":{"allow":["GET"]}}],"collection":[{"href":"http:\/\/www.ket4f-gas.eu\/index.php?rest_route=\/wp\/v2\/pages"}],"about":[{"href":"http:\/\/www.ket4f-gas.eu\/index.php?rest_route=\/wp\/v2\/types\/page"}],"author":[{"embeddable":true,"href":"http:\/\/www.ket4f-gas.eu\/index.php?rest_route=\/wp\/v2\/users\/5"}],"replies":[{"embeddable":true,"href":"http:\/\/www.ket4f-gas.eu\/index.php?rest_route=%2Fwp%2Fv2%2Fcomments&post=838"}],"version-history":[{"count":1,"href":"http:\/\/www.ket4f-gas.eu\/index.php?rest_route=\/wp\/v2\/pages\/838\/revisions"}],"predecessor-version":[{"id":839,"href":"http:\/\/www.ket4f-gas.eu\/index.php?rest_route=\/wp\/v2\/pages\/838\/revisions\/839"}],"wp:attachment":[{"href":"http:\/\/www.ket4f-gas.eu\/index.php?rest_route=%2Fwp%2Fv2%2Fmedia&parent=838"}],"curies":[{"name":"wp","href":"https:\/\/api.w.org\/{rel}","templated":true}]}}