{"id":96,"date":"2018-05-22T07:29:32","date_gmt":"2018-05-22T07:29:32","guid":{"rendered":"http:\/\/www.ket4f-gas.eu\/?page_id=96"},"modified":"2018-06-07T07:40:22","modified_gmt":"2018-06-07T07:40:22","slug":"programa","status":"publish","type":"page","link":"http:\/\/www.ket4f-gas.eu\/?page_id=96&lang=es","title":{"rendered":"Programa"},"content":{"rendered":"<p>[et_pb_section bb_built=&#8221;1&#8243;][et_pb_row][et_pb_column type=&#8221;4_4&#8243;][et_pb_image _builder_version=&#8221;3.3.1&#8243; src=&#8221;http:\/\/www.ket4f-gas.eu\/wp-content\/uploads\/2018\/05\/banner.jpg&#8221; \/][\/et_pb_column][\/et_pb_row][et_pb_row][et_pb_column type=&#8221;4_4&#8243;][et_pb_text _builder_version=&#8221;3.3.1&#8243;]<\/p>\n<h1 style=\"text-align: center;\">Programa*<\/h1>\n<p>&nbsp;<\/p>\n<h3 style=\"text-align: center;\">11 Junio 2018 \u2013 Auditorio CGD de la Facultad de Ciencias y Tecnolog\u00eda (FCT NOVA) de la Universidad Nova de Lisboa \u2013 Campus de Caparica<\/h3>\n<p>*Idiomas oficiales del \u00e1rea Sudoe (Portugu\u00e9s, Espa\u00f1ol y Franc\u00e9s): interpretaci\u00f3n simult\u00e1nea para el Ingl\u00e9s disponible.<br \/>\n<div class='et-box et-shadow'>\n\t\t\t\t\t<div class='et-box-content'><p style=\"text-align: justify;\"><strong>13:30h<\/strong>. <strong>Registro de participantes<\/strong><\/p>\n<p style=\"text-align: justify;\"><strong>14:00h<\/strong>. <strong>Bienvenida<\/strong>. Director de la FCT NOVA<\/p>\n<p style=\"text-align: justify;\"><strong>14:10h<\/strong>.<strong> Presentaci\u00f3n del proyecto KET4F-Gas<\/strong>. Coordinaci\u00f3n de la FCT NOVA<\/p>\n<p style=\"text-align: justify;\"><strong>14:30h<\/strong>. <strong>Problem\u00e1tica de las emisiones de gases fluorados de efecto invernadero en las regiones del \u00e1rea SUDOE: alteraciones clim\u00e1ticas, normas europeas y legislaci\u00f3n nacional<\/strong><\/p>\n<ul style=\"text-align: justify;\">\n<li>Ana Rodrigues Daam, Jefa de la Divisi\u00f3n de Mitigaci\u00f3n y de los Mercados del Carbono de la Agencia Portuguesa del Ambiente (APA)<\/li>\n<li>M\u00f3nica P\u00e9rez Medina, Jefa del Servicio de Residuos, Xunta de Galicia<\/li>\n<\/ul>\n<p style=\"text-align: justify;\"><strong>15:10h<\/strong>. <strong>Acuerdo de Kigali: visi\u00f3n de la problem\u00e1tica de las emisiones de gases fluorados de efecto invernadero fuera de la regi\u00f3n SUDOE<\/strong>. Lourdes F. Vega, GRC Joint Chair Professor, Petroleum Institute (PI, Khalifa University of Science and Technology), Abu Dhabi, EAU<\/p>\n<p style=\"text-align: justify;\"><strong>15:30h<\/strong>. <strong>Las mejores pr\u00e1cticas y metodolog\u00edas disponibles en el contexto europeo para la gesti\u00f3n de residuos de los equipamientos el\u00e9ctricos y electr\u00f3nicos (REEE)<\/strong>. Rosa Monforte, Directora General de la European Recycling Platform Portugal (ERP)<\/p>\n<p style=\"text-align: justify;\"><strong>15:50h<\/strong>. <strong>Perspectiva espa\u00f1ola de la gesti\u00f3n de residuos de gases fluorados de efecto invernadero<\/strong>. Enrique Gonz\u00e1lez, Coordinador de I&amp;D, FCC \u00c1mbito, Espa\u00f1a<\/p>\n<p style=\"text-align: justify;\"><strong>16:10h<\/strong>. <strong>Desaf\u00edos de la gesti\u00f3n de residuos de gases fluorados de efecto invernadero en Portugal<\/strong> Jos\u00e9 Aranda Correia, Responsable del Departamento de Desenvolvimiento e Innovaci\u00f3n, Ambigroup Reciclagem, S.A., Portugal<\/p>\n<p style=\"text-align: justify;\"><strong>16:30h<\/strong>. <strong>Impacto ambiental de los gases fluorados de efecto invernadero: equilibrio entre medio ambiente, sociedad y econom\u00eda.<\/strong>. Ana Filipa Alves, ZERO \u2013 Asociaci\u00f3n Sistema Terrestre Sustentable, Portugal<\/p>\n<p style=\"text-align: justify;\"><strong>16:50h<\/strong>. <strong>Cierre del evento<\/strong>, Vice-Rectora de investigaci\u00f3n de la UNL<\/p>\n<p style=\"text-align: justify;\"><strong>17:00h<\/strong>. <strong>Networking Cocktail<\/strong> en el \u201cPregui\u00e7odromo\u201d de la Biblioteca de la FCT NOVA<\/p><\/div><\/div><\/p>\n<p>[\/et_pb_text][\/et_pb_column][\/et_pb_row][\/et_pb_section]<\/p>\n","protected":false},"excerpt":{"rendered":"<p><div class=\"et_pb_row et_pb_row_0 et_pb_row_empty\">\n\t\t\t\t\n\t\t\t\t\n\t\t\t\t\n\t\t\t\t\n\t\t\t\t\n\t\t\t<\/div><div class=\"et_pb_row et_pb_row_1 et_pb_row_empty\">\n\t\t\t\t\n\t\t\t\t\n\t\t\t\t\n\t\t\t\t\n\t\t\t\t\n\t\t\t<\/div> Programa* &nbsp; 11 Junio 2018 \u2013 Auditorio CGD de la Facultad de Ciencias y Tecnolog\u00eda (FCT NOVA) de la Universidad Nova de Lisboa \u2013 Campus de Caparica *Idiomas oficiales [&hellip;]<\/p>\n","protected":false},"author":5,"featured_media":0,"parent":0,"menu_order":0,"comment_status":"closed","ping_status":"closed","template":"","meta":{"_et_pb_use_builder":"on","_et_pb_old_content":"","_et_gb_content_width":"","footnotes":""},"class_list":["post-96","page","type-page","status-publish","hentry"],"_links":{"self":[{"href":"http:\/\/www.ket4f-gas.eu\/index.php?rest_route=\/wp\/v2\/pages\/96","targetHints":{"allow":["GET"]}}],"collection":[{"href":"http:\/\/www.ket4f-gas.eu\/index.php?rest_route=\/wp\/v2\/pages"}],"about":[{"href":"http:\/\/www.ket4f-gas.eu\/index.php?rest_route=\/wp\/v2\/types\/page"}],"author":[{"embeddable":true,"href":"http:\/\/www.ket4f-gas.eu\/index.php?rest_route=\/wp\/v2\/users\/5"}],"replies":[{"embeddable":true,"href":"http:\/\/www.ket4f-gas.eu\/index.php?rest_route=%2Fwp%2Fv2%2Fcomments&post=96"}],"version-history":[{"count":10,"href":"http:\/\/www.ket4f-gas.eu\/index.php?rest_route=\/wp\/v2\/pages\/96\/revisions"}],"predecessor-version":[{"id":139,"href":"http:\/\/www.ket4f-gas.eu\/index.php?rest_route=\/wp\/v2\/pages\/96\/revisions\/139"}],"wp:attachment":[{"href":"http:\/\/www.ket4f-gas.eu\/index.php?rest_route=%2Fwp%2Fv2%2Fmedia&parent=96"}],"curies":[{"name":"wp","href":"https:\/\/api.w.org\/{rel}","templated":true}]}}

<p>[et_pb_section bb_built=&#8221;1&#8243;][et_pb_row][et_pb_column type=&#8221;4_4&#8243;][et_pb_image _builder_version=&#8221;3.3.1&#8243; src=&#8221;http://www.ket4f-gas.eu/wp-content/uploads/2018/05/banner.jpg&#8221; /][/et_pb_column][/et_pb_row][et_pb_row][et_pb_column type=&#8221;4_4&#8243;][et_pb_text _builder_version=&#8221;3.3.1&#8243;]</p>
<h1 style="text-align: center;">Programa*</h1>
<p>&nbsp;</p>
<h3 style="text-align: center;">11 Junio 2018 – Auditorio CGD de la Facultad de Ciencias y Tecnología (FCT NOVA) de la Universidad Nova de Lisboa – Campus de Caparica</h3>
<p>*Idiomas oficiales del área Sudoe (Portugués, Español y Francés): interpretación simultánea para el Inglés disponible.<br />
<div class='et-box et-shadow'>
					<div class='et-box-content'><p style="text-align: justify;"><strong>13:30h</strong>. <strong>Registro de participantes</strong></p>
<p style="text-align: justify;"><strong>14:00h</strong>. <strong>Bienvenida</strong>. Director de la FCT NOVA</p>
<p style="text-align: justify;"><strong>14:10h</strong>.<strong> Presentación del proyecto KET4F-Gas</strong>. Coordinación de la FCT NOVA</p>
<p style="text-align: justify;"><strong>14:30h</strong>. <strong>Problemática de las emisiones de gases fluorados de efecto invernadero en las regiones del área SUDOE: alteraciones climáticas, normas europeas y legislación nacional</strong></p>
<ul style="text-align: justify;">
<li>Ana Rodrigues Daam, Jefa de la División de Mitigación y de los Mercados del Carbono de la Agencia Portuguesa del Ambiente (APA)</li>
<li>Mónica Pérez Medina, Jefa del Servicio de Residuos, Xunta de Galicia</li>
</ul>
<p style="text-align: justify;"><strong>15:10h</strong>. <strong>Acuerdo de Kigali: visión de la problemática de las emisiones de gases fluorados de efecto invernadero fuera de la región SUDOE</strong>. Lourdes F. Vega, GRC Joint Chair Professor, Petroleum Institute (PI, Khalifa University of Science and Technology), Abu Dhabi, EAU</p>
<p style="text-align: justify;"><strong>15:30h</strong>. <strong>Las mejores prácticas y metodologías disponibles en el contexto europeo para la gestión de residuos de los equipamientos eléctricos y electrónicos (REEE)</strong>. Rosa Monforte, Directora General de la European Recycling Platform Portugal (ERP)</p>
<p style="text-align: justify;"><strong>15:50h</strong>. <strong>Perspectiva española de la gestión de residuos de gases fluorados de efecto invernadero</strong>. Enrique González, Coordinador de I&amp;D, FCC Ámbito, España</p>
<p style="text-align: justify;"><strong>16:10h</strong>. <strong>Desafíos de la gestión de residuos de gases fluorados de efecto invernadero en Portugal</strong> José Aranda Correia, Responsable del Departamento de Desenvolvimiento e Innovación, Ambigroup Reciclagem, S.A., Portugal</p>
<p style="text-align: justify;"><strong>16:30h</strong>. <strong>Impacto ambiental de los gases fluorados de efecto invernadero: equilibrio entre medio ambiente, sociedad y economía.</strong>. Ana Filipa Alves, ZERO – Asociación Sistema Terrestre Sustentable, Portugal</p>
<p style="text-align: justify;"><strong>16:50h</strong>. <strong>Cierre del evento</strong>, Vice-Rectora de investigación de la UNL</p>
<p style="text-align: justify;"><strong>17:00h</strong>. <strong>Networking Cocktail</strong> en el “Preguiçodromo” de la Biblioteca de la FCT NOVA</p></div></div></p>
<p>[/et_pb_text][/et_pb_column][/et_pb_row][/et_pb_section]</p>

<p><div class="et_pb_row et_pb_row_0 et_pb_row_empty">
				
				
				
				
				
			</div><div class="et_pb_row et_pb_row_1 et_pb_row_empty">
				
				
				
				
				
			</div> Programa* &nbsp; 11 Junio 2018 – Auditorio CGD de la Facultad de Ciencias y Tecnología (FCT NOVA) de la Universidad Nova de Lisboa – Campus de Caparica *Idiomas oficiales [&hellip;]</p>
